CRAN Package Check Results for Package FREEtree

Last updated on 2022-11-30 07:54:27 CET.

Flavor Version Tinstall Tcheck Ttotal Status Flags
r-devel-linux-x86_64-debian-clang 0.1.0 38.37 340.56 378.93 OK
r-devel-linux-x86_64-debian-gcc 0.1.0 28.28 250.82 279.10 OK
r-devel-linux-x86_64-fedora-clang 0.1.0 475.42 NOTE
r-devel-linux-x86_64-fedora-gcc 0.1.0 458.81 NOTE
r-devel-windows-x86_64 0.1.0 35.00 344.00 379.00 OK
r-patched-linux-x86_64 0.1.0 30.28 317.66 347.94 OK
r-release-linux-x86_64 0.1.0 33.34 317.29 350.63 OK
r-release-macos-arm64 0.1.0 117.00 NOTE
r-release-macos-x86_64 0.1.0 194.00 NOTE
r-release-windows-x86_64 0.1.0 36.00 350.00 386.00 OK
r-oldrel-macos-arm64 0.1.0 168.00 NOTE
r-oldrel-macos-x86_64 0.1.0 150.00 NOTE
r-oldrel-windows-ix86+x86_64 0.1.0 71.00 337.00 408.00 OK

Check Details

Version: 0.1.0
Check: dependencies in R code
Result: NOTE
    Namespace in Imports field not imported from: ‘MASS’
     All declared Imports should be used.
Flavors: r-devel-linux-x86_64-fedora-clang, r-devel-linux-x86_64-fedora-gcc, r-release-macos-arm64, r-release-macos-x86_64, r-oldrel-macos-arm64, r-oldrel-macos-x86_64