CRAN Package Check Results for Package FRESA.CAD

Last updated on 2021-10-22 00:50:26 CEST.

Flavor Version Tinstall Tcheck Ttotal Status Flags
r-devel-linux-x86_64-debian-clang 3.3.1 110.47 200.02 310.49 OK
r-devel-linux-x86_64-debian-gcc 3.3.1 85.08 146.10 231.18 OK
r-devel-linux-x86_64-fedora-clang 3.3.1 425.98 NOTE
r-devel-linux-x86_64-fedora-gcc 3.3.1 391.57 OK
r-devel-windows-x86_64 3.3.1 155.00 222.00 377.00 OK
r-devel-windows-x86_64-gcc10-UCRT 3.3.1 NOTE
r-patched-linux-x86_64 3.3.1 103.35 191.60 294.95 OK
r-patched-solaris-x86 3.3.1 419.30 OK
r-release-linux-x86_64 3.3.1 98.74 190.32 289.06 NOTE
r-release-macos-arm64 3.3.1 NOTE
r-release-macos-x86_64 3.3.1 NOTE
r-release-windows-ix86+x86_64 3.3.1 176.00 260.00 436.00 NOTE
r-oldrel-macos-x86_64 3.3.1 NOTE
r-oldrel-windows-ix86+x86_64 3.3.1 267.00 294.00 561.00 NOTE

Check Details

Version: 3.3.1
Check: installed package size
Result: NOTE
     installed size is 8.9Mb
     sub-directories of 1Mb or more:
     doc 1.7Mb
     libs 6.1Mb
Flavors: r-devel-linux-x86_64-fedora-clang, r-release-macos-arm64, r-release-macos-x86_64, r-release-windows-ix86+x86_64, r-oldrel-macos-x86_64, r-oldrel-windows-ix86+x86_64

Version: 3.3.1
Check: package dependencies
Result: NOTE
    Package suggested but not available for checking: 'mRMRe'
Flavor: r-devel-windows-x86_64-gcc10-UCRT

Version: 3.3.1
Check: compiled code
Result: NOTE
    File ‘FRESA.CAD/libs/FRESA.CAD.so’:
     Found non-API call to R: ‘wilcox_free’
    
    Compiled code should not call non-API entry points in R.
    
    See ‘Writing portable packages’ in the ‘Writing R Extensions’ manual.
Flavors: r-release-linux-x86_64, r-release-macos-arm64, r-release-macos-x86_64, r-oldrel-macos-x86_64

Version: 3.3.1
Check: compiled code
Result: NOTE
    File 'FRESA.CAD/libs/i386/FRESA.CAD.dll':
     Found non-API call to R: 'wilcox_free'
    File 'FRESA.CAD/libs/x64/FRESA.CAD.dll':
     Found non-API call to R: 'wilcox_free'
    
    Compiled code should not call non-API entry points in R.
    
    See 'Writing portable packages' in the 'Writing R Extensions' manual.
Flavors: r-release-windows-ix86+x86_64, r-oldrel-windows-ix86+x86_64