CRAN Package Check Results for Package FRESHD

Last updated on 2023-03-27 20:52:14 CEST.

Flavor Version Tinstall Tcheck Ttotal Status Flags
r-devel-linux-x86_64-debian-clang 1.0 59.21 40.34 99.55 NOTE
r-devel-linux-x86_64-debian-gcc 1.0 47.79 33.21 81.00 NOTE
r-devel-linux-x86_64-fedora-clang 1.0 146.69 NOTE
r-devel-linux-x86_64-fedora-gcc 1.0 132.68 NOTE
r-patched-linux-x86_64 1.0 57.78 41.88 99.66 NOTE
r-release-linux-x86_64 1.0 54.18 41.15 95.33 OK
r-release-macos-arm64 1.0 44.00 NOTE
r-release-macos-x86_64 1.0 54.00 NOTE
r-release-windows-x86_64 1.0 55.00 94.00 149.00 OK
r-oldrel-macos-arm64 1.0 50.00 NOTE
r-oldrel-macos-x86_64 1.0 53.00 NOTE
r-oldrel-windows-ix86+x86_64 1.0 142.00 119.00 261.00 OK

Check Details

Version: 1.0
Check: C++ specification
Result: NOTE
     Specified C++11: please drop specification unless essential
Flavors: r-devel-linux-x86_64-debian-clang, r-devel-linux-x86_64-debian-gcc, r-devel-linux-x86_64-fedora-clang, r-devel-linux-x86_64-fedora-gcc, r-patched-linux-x86_64

Version: 1.0
Check: installed package size
Result: NOTE
     installed size is 8.3Mb
     sub-directories of 1Mb or more:
     libs 8.2Mb
Flavors: r-release-macos-arm64, r-release-macos-x86_64, r-oldrel-macos-arm64, r-oldrel-macos-x86_64