Last updated on 2023-03-21 07:54:10 CET.
Flavor | Version | Tinstall | Tcheck | Ttotal | Status | Flags |
---|---|---|---|---|---|---|
r-devel-linux-x86_64-debian-clang | 0.1.2 | NOTE | ||||
r-devel-linux-x86_64-debian-gcc | 0.1.2 | 21.73 | 53.23 | 74.96 | NOTE | |
r-devel-linux-x86_64-fedora-clang | 0.1.2 | 128.39 | NOTE | |||
r-devel-linux-x86_64-fedora-gcc | 0.1.2 | 113.93 | NOTE | |||
r-devel-windows-x86_64 | 0.1.2 | 32.00 | 110.00 | 142.00 | NOTE | |
r-patched-linux-x86_64 | 0.1.2 | 26.03 | 65.56 | 91.59 | OK | |
r-release-linux-x86_64 | 0.1.2 | 26.15 | 65.48 | 91.63 | OK | |
r-release-macos-arm64 | 0.1.2 | 35.00 | OK | |||
r-release-macos-x86_64 | 0.1.2 | 50.00 | OK | |||
r-release-windows-x86_64 | 0.1.2 | 32.00 | 113.00 | 145.00 | OK | |
r-oldrel-macos-arm64 | 0.1.2 | 43.00 | OK | |||
r-oldrel-macos-x86_64 | 0.1.2 | 69.00 | OK | |||
r-oldrel-windows-ix86+x86_64 | 0.1.2 | 68.00 | 129.00 | 197.00 | OK |
Version: 0.1.2
Check: C++ specification
Result: NOTE
Specified C++11: please drop specification unless essential
Flavors: r-devel-linux-x86_64-debian-clang, r-devel-linux-x86_64-debian-gcc, r-devel-linux-x86_64-fedora-clang, r-devel-linux-x86_64-fedora-gcc, r-devel-windows-x86_64