CRAN Package Check Results for Package FactoClass

Last updated on 2023-05-28 16:57:49 CEST.

Flavor Version Tinstall Tcheck Ttotal Status Flags
r-devel-linux-x86_64-debian-clang 1.2.7 11.49 73.71 85.20 NOTE
r-devel-linux-x86_64-debian-gcc 1.2.7 7.82 56.77 64.59 NOTE
r-devel-linux-x86_64-fedora-clang 1.2.7 109.32 NOTE
r-devel-linux-x86_64-fedora-gcc 1.2.7 104.86 NOTE
r-devel-windows-x86_64 1.2.7 14.00 81.00 95.00 OK
r-patched-linux-x86_64 1.2.7 8.75 71.32 80.07 NOTE
r-release-linux-x86_64 1.2.7 9.89 70.35 80.24 NOTE
r-release-macos-arm64 1.2.7 37.00 OK
r-release-macos-x86_64 1.2.7 52.00 OK
r-release-windows-x86_64 1.2.7 16.00 93.00 109.00 OK
r-oldrel-macos-arm64 1.2.7 36.00 OK
r-oldrel-macos-x86_64 1.2.7 66.00 OK
r-oldrel-windows-x86_64 1.2.7 15.00 96.00 111.00 OK

Check Details

Version: 1.2.7
Check: for non-standard things in the check directory
Result: NOTE
    Found the following files/directories:
     ‘Bogota.tex’ ‘DogBreeds1.tex’
Flavors: r-devel-linux-x86_64-debian-clang, r-devel-linux-x86_64-debian-gcc, r-devel-linux-x86_64-fedora-clang, r-devel-linux-x86_64-fedora-gcc, r-patched-linux-x86_64, r-release-linux-x86_64