CRAN Package Check Results for Package FactoClass

Last updated on 2021-09-23 08:50:57 CEST.

Flavor Version Tinstall Tcheck Ttotal Status Flags
r-devel-linux-x86_64-debian-clang 1.2.7 11.30 72.48 83.78 NOTE
r-devel-linux-x86_64-debian-gcc 1.2.7 7.82 54.24 62.06 NOTE
r-devel-linux-x86_64-fedora-clang 1.2.7 106.93 NOTE
r-devel-linux-x86_64-fedora-gcc 1.2.7 94.37 NOTE
r-devel-windows-x86_64 1.2.7 11.00 73.00 84.00 OK
r-devel-windows-x86_64-gcc10-UCRT 1.2.7 ERROR
r-patched-linux-x86_64 1.2.7 7.39 68.04 75.43 NOTE
r-patched-solaris-x86 1.2.7 133.60 NOTE
r-release-linux-x86_64 1.2.7 7.15 67.80 74.95 NOTE
r-release-macos-arm64 1.2.7 OK
r-release-macos-x86_64 1.2.7 OK
r-release-windows-ix86+x86_64 1.2.7 23.00 125.00 148.00 OK
r-oldrel-macos-x86_64 1.2.7 OK
r-oldrel-windows-ix86+x86_64 1.2.7 17.00 87.00 104.00 OK

Check Details

Version: 1.2.7
Check: for non-standard things in the check directory
Result: NOTE
    Found the following files/directories:
     'Bogota.tex' 'DogBreeds1.tex'
Flavors: r-devel-linux-x86_64-debian-clang, r-devel-linux-x86_64-debian-gcc, r-devel-linux-x86_64-fedora-clang, r-devel-linux-x86_64-fedora-gcc, r-patched-linux-x86_64, r-patched-solaris-x86, r-release-linux-x86_64

Version: 1.2.7
Check: whether package can be installed
Result: ERROR
    Installation failed.
Flavor: r-devel-windows-x86_64-gcc10-UCRT