Last updated on 2023-03-23 07:54:26 CET.
Flavor | Version | Tinstall | Tcheck | Ttotal | Status | Flags |
---|---|---|---|---|---|---|
r-devel-linux-x86_64-debian-clang | 1.2 | 48.65 | 30.16 | 78.81 | OK | |
r-devel-linux-x86_64-debian-gcc | 1.2 | 36.96 | 24.68 | 61.64 | OK | |
r-devel-linux-x86_64-fedora-clang | 1.2 | 123.14 | NOTE | |||
r-devel-linux-x86_64-fedora-gcc | 1.2 | 101.17 | NOTE | |||
r-devel-windows-x86_64 | 1.2 | 45.00 | 76.00 | 121.00 | OK | |
r-patched-linux-x86_64 | 1.2 | 36.78 | 31.97 | 68.75 | OK | |
r-release-linux-x86_64 | 1.2 | 41.88 | 31.78 | 73.66 | OK | |
r-release-macos-arm64 | 1.2 | 32.00 | NOTE | |||
r-release-macos-x86_64 | 1.2 | 42.00 | NOTE | |||
r-release-windows-x86_64 | 1.2 | 79.00 | 105.00 | 184.00 | OK | |
r-oldrel-macos-arm64 | 1.2 | 42.00 | NOTE | |||
r-oldrel-macos-x86_64 | 1.2 | 55.00 | NOTE | |||
r-oldrel-windows-ix86+x86_64 | 1.2 | 115.00 | 83.00 | 198.00 | OK |
Version: 1.2
Check: compiled code
Result: NOTE
File ‘FastGP/libs/FastGP.so’:
Found no calls to: ‘R_registerRoutines’, ‘R_useDynamicSymbols’
It is good practice to register native routines and to disable symbol
search.
See ‘Writing portable packages’ in the ‘Writing R Extensions’ manual.
Flavors: r-devel-linux-x86_64-fedora-clang, r-devel-linux-x86_64-fedora-gcc
Version: 1.2
Check: installed package size
Result: NOTE
installed size is 7.2Mb
sub-directories of 1Mb or more:
libs 6.8Mb
Flavors: r-release-macos-arm64, r-release-macos-x86_64, r-oldrel-macos-arm64, r-oldrel-macos-x86_64