Last updated on 2023-03-25 23:51:42 CET.
Flavor | Version | Tinstall | Tcheck | Ttotal | Status | Flags |
---|---|---|---|---|---|---|
r-devel-linux-x86_64-debian-clang | 1.2.0 | 603.31 | 141.23 | 744.54 | NOTE | |
r-devel-linux-x86_64-debian-gcc | 1.2.0 | 484.22 | 129.47 | 613.69 | NOTE | |
r-devel-linux-x86_64-fedora-gcc | 1.2.0 | 983.97 | NOTE | |||
r-devel-windows-x86_64 | 1.2.0 | 393.00 | 224.00 | 617.00 | OK | |
r-patched-linux-x86_64 | 1.2.0 | 501.05 | 156.22 | 657.27 | OK | |
r-release-linux-x86_64 | 1.2.0 | 432.52 | 158.73 | 591.25 | OK | |
r-release-macos-arm64 | 1.2.0 | 204.00 | NOTE | |||
r-release-macos-x86_64 | 1.2.0 | 321.00 | NOTE | |||
r-release-windows-x86_64 | 1.2.0 | 357.00 | 218.00 | 575.00 | OK | |
r-oldrel-macos-arm64 | 1.2.0 | 238.00 | NOTE | |||
r-oldrel-macos-x86_64 | 1.2.0 | 317.00 | NOTE | |||
r-oldrel-windows-ix86+x86_64 | 1.2.0 | 1213.00 | 283.00 | 1496.00 | OK |
Version: 1.2.0
Check: C++ specification
Result: NOTE
Specified C++11: please drop specification unless essential
Flavors: r-devel-linux-x86_64-debian-clang, r-devel-linux-x86_64-debian-gcc, r-devel-linux-x86_64-fedora-gcc
Version: 1.2.0
Check: installed package size
Result: NOTE
installed size is 38.9Mb
sub-directories of 1Mb or more:
libs 38.6Mb
Flavors: r-release-macos-arm64, r-release-macos-x86_64, r-oldrel-macos-arm64, r-oldrel-macos-x86_64