Last updated on 2023-03-28 12:54:40 CEST.
Flavor | Version | Tinstall | Tcheck | Ttotal | Status | Flags |
---|---|---|---|---|---|---|
r-devel-linux-x86_64-debian-clang | 0.1.3 | 22.36 | 21.97 | 44.33 | NOTE | |
r-devel-linux-x86_64-debian-gcc | 0.1.3 | 19.35 | 18.55 | 37.90 | NOTE | |
r-devel-linux-x86_64-fedora-clang | 0.1.3 | 58.07 | NOTE | |||
r-devel-linux-x86_64-fedora-gcc | 0.1.3 | 59.76 | NOTE | |||
r-patched-linux-x86_64 | 0.1.3 | 19.95 | 23.13 | 43.08 | NOTE | |
r-release-linux-x86_64 | 0.1.3 | 24.19 | 23.62 | 47.81 | OK | |
r-release-macos-arm64 | 0.1.3 | 27.00 | NOTE | |||
r-release-macos-x86_64 | 0.1.3 | 33.00 | NOTE | |||
r-release-windows-x86_64 | 0.1.3 | 24.00 | 73.00 | 97.00 | OK | |
r-oldrel-macos-arm64 | 0.1.3 | 31.00 | NOTE | |||
r-oldrel-macos-x86_64 | 0.1.3 | 41.00 | NOTE | |||
r-oldrel-windows-ix86+x86_64 | 0.1.3 | 51.00 | 70.00 | 121.00 | OK |
Version: 0.1.3
Check: C++ specification
Result: NOTE
Specified C++11: please drop specification unless essential
Flavors: r-devel-linux-x86_64-debian-clang, r-devel-linux-x86_64-debian-gcc, r-devel-linux-x86_64-fedora-clang, r-devel-linux-x86_64-fedora-gcc, r-patched-linux-x86_64
Version: 0.1.3
Check: Rd files
Result: NOTE
checkRd: (-1) FastPCS-package.Rd:29: Escaped LaTeX specials: \&
checkRd: (-1) FastPCS.Rd:104: Escaped LaTeX specials: \&
Flavors: r-devel-linux-x86_64-debian-clang, r-devel-linux-x86_64-debian-gcc, r-devel-linux-x86_64-fedora-clang, r-devel-linux-x86_64-fedora-gcc, r-patched-linux-x86_64
Version: 0.1.3
Check: installed package size
Result: NOTE
installed size is 9.3Mb
sub-directories of 1Mb or more:
libs 9.3Mb
Flavors: r-release-macos-arm64, r-release-macos-x86_64, r-oldrel-macos-arm64, r-oldrel-macos-x86_64