CRAN Package Check Results for Package FastPCS

Last updated on 2024-03-04 03:52:29 CET.

Flavor Version Tinstall Tcheck Ttotal Status Flags
r-devel-linux-x86_64-debian-clang 0.1.3 19.94 22.45 42.39 NOTE
r-devel-linux-x86_64-debian-gcc 0.1.3 25.04 19.08 44.12 NOTE
r-devel-linux-x86_64-fedora-clang 0.1.3 60.58 NOTE
r-devel-linux-x86_64-fedora-gcc 0.1.3 66.45 NOTE
r-devel-windows-x86_64 0.1.3 23.00 62.00 85.00 NOTE
r-patched-linux-x86_64 0.1.3 26.76 23.40 50.16 NOTE
r-release-linux-x86_64 0.1.3 33.72 24.12 57.84 NOTE
r-release-macos-arm64 0.1.3 27.00 NOTE
r-release-macos-x86_64 0.1.3 36.00 NOTE
r-release-windows-x86_64 0.1.3 26.00 65.00 91.00 NOTE
r-oldrel-macos-arm64 0.1.3 27.00 NOTE
r-oldrel-windows-x86_64 0.1.3 26.00 63.00 89.00 OK

Check Details

Version: 0.1.3
Check: C++ specification
Result: NOTE Specified C++11: please drop specification unless essential Flavors: r-devel-linux-x86_64-debian-clang, r-devel-linux-x86_64-debian-gcc, r-devel-linux-x86_64-fedora-clang, r-devel-linux-x86_64-fedora-gcc, r-devel-windows-x86_64, r-patched-linux-x86_64, r-release-linux-x86_64, r-release-macos-arm64, r-release-macos-x86_64, r-release-windows-x86_64

Version: 0.1.3
Check: Rd files
Result: NOTE checkRd: (-1) FastPCS-package.Rd:29: Escaped LaTeX specials: \& checkRd: (-1) FastPCS.Rd:24: Lost braces 24 | item{best}{The index of the observations with outlyingness smaller than the rejection threshold after C-steps are taken.} | ^ checkRd: (-1) FastPCS.Rd:24: Lost braces 24 | item{best}{The index of the observations with outlyingness smaller than the rejection threshold after C-steps are taken.} | ^ checkRd: (-1) FastPCS.Rd:104: Escaped LaTeX specials: \& Flavors: r-devel-linux-x86_64-debian-clang, r-devel-linux-x86_64-debian-gcc, r-devel-linux-x86_64-fedora-clang, r-devel-linux-x86_64-fedora-gcc, r-devel-windows-x86_64

Version: 0.1.3
Check: Rd metadata
Result: NOTE Rd files without \alias: ‘FastPCS-package.Rd’ Flavors: r-devel-linux-x86_64-debian-clang, r-devel-linux-x86_64-debian-gcc, r-devel-linux-x86_64-fedora-clang, r-devel-linux-x86_64-fedora-gcc, r-devel-windows-x86_64

Version: 0.1.3
Check: Rd files
Result: NOTE checkRd: (-1) FastPCS-package.Rd:29: Escaped LaTeX specials: \& checkRd: (-1) FastPCS.Rd:104: Escaped LaTeX specials: \& Flavors: r-patched-linux-x86_64, r-release-linux-x86_64, r-release-macos-arm64, r-release-macos-x86_64, r-release-windows-x86_64

Version: 0.1.3
Check: installed package size
Result: NOTE installed size is 9.4Mb sub-directories of 1Mb or more: libs 9.3Mb Flavors: r-release-macos-arm64, r-release-macos-x86_64, r-oldrel-macos-arm64