Last updated on 2023-09-27 21:01:23 CEST.
Flavor | Version | Tinstall | Tcheck | Ttotal | Status | Flags |
---|---|---|---|---|---|---|
r-devel-linux-x86_64-debian-clang | 1.2-0 | 12.64 | 28.01 | 40.65 | NOTE | |
r-devel-linux-x86_64-debian-gcc | 1.2-0 | 7.90 | 21.92 | 29.82 | WARN | |
r-devel-linux-x86_64-fedora-clang | 1.2-0 | 54.77 | NOTE | |||
r-devel-linux-x86_64-fedora-gcc | 1.2-0 | 52.62 | WARN | |||
r-devel-windows-x86_64 | 1.2-0 | 13.00 | 43.00 | 56.00 | WARN | |
r-patched-linux-x86_64 | 1.2-0 | 11.59 | 27.66 | 39.25 | WARN | |
r-release-linux-x86_64 | 1.2-0 | 9.76 | 27.45 | 37.21 | WARN | |
r-release-macos-arm64 | 1.2-0 | 28.00 | NOTE | |||
r-release-macos-x86_64 | 1.2-0 | 40.00 | NOTE | |||
r-release-windows-x86_64 | 1.2-0 | 12.00 | 52.00 | 64.00 | WARN | |
r-oldrel-macos-arm64 | 1.2-0 | 28.00 | NOTE | |||
r-oldrel-macos-x86_64 | 1.2-0 | 32.00 | NOTE | |||
r-oldrel-windows-x86_64 | 1.2-0 | 16.00 | 68.00 | 84.00 | NOTE |
Version: 1.2-0
Check: R code for possible problems
Result: NOTE
.run: no visible binding for global variable ‘init’
.run: no visible global function definition for ‘init’
.run: no visible binding for global variable ‘run’
Undefined global functions or variables:
init run
Flavors: r-devel-linux-x86_64-debian-clang, r-devel-linux-x86_64-debian-gcc, r-devel-linux-x86_64-fedora-clang, r-devel-linux-x86_64-fedora-gcc, r-devel-windows-x86_64, r-patched-linux-x86_64, r-release-linux-x86_64, r-release-macos-arm64, r-release-macos-x86_64, r-release-windows-x86_64, r-oldrel-macos-arm64, r-oldrel-macos-x86_64, r-oldrel-windows-x86_64
Version: 1.2-0
Check: compiled code
Result: NOTE
Note: information on .o files is not available
Flavors: r-devel-linux-x86_64-debian-clang, r-devel-linux-x86_64-debian-gcc, r-patched-linux-x86_64, r-release-linux-x86_64, r-release-macos-arm64, r-release-macos-x86_64, r-oldrel-macos-arm64, r-oldrel-macos-x86_64
Version: 1.2-0
Check: whether package can be installed
Result: WARN
Found the following significant warnings:
Rconnection.cc:282:52: warning: format ‘%p’ expects argument of type ‘void*’, but argument 3 has type ‘Rexp*’ [-Wformat=]
Flavors: r-devel-linux-x86_64-debian-gcc, r-devel-linux-x86_64-fedora-gcc, r-devel-windows-x86_64, r-patched-linux-x86_64, r-release-linux-x86_64, r-release-windows-x86_64
Version: 1.2-0
Check: compiled code
Result: NOTE
Note: information on .o files is not available
File ‘FastRWeb/libs/null.so’:
Found no calls to: ‘R_registerRoutines’, ‘R_useDynamicSymbols’
It is good practice to register native routines and to disable symbol
search.
See ‘Writing portable packages’ in the ‘Writing R Extensions’ manual.
Flavors: r-devel-linux-x86_64-fedora-clang, r-devel-linux-x86_64-fedora-gcc
Version: 1.2-0
Check: installed package size
Result: NOTE
installed size is 5.9Mb
sub-directories of 1Mb or more:
Rcgi 3.0Mb
cgi-bin 2.8Mb
Flavors: r-devel-windows-x86_64, r-release-windows-x86_64, r-oldrel-windows-x86_64