CRAN Package Check Results for Package FastSF

Last updated on 2023-10-02 17:01:37 CEST.

Flavor Version Tinstall Tcheck Ttotal Status Flags
r-devel-linux-x86_64-debian-clang 0.1.1 96.65 34.02 130.67 NOTE
r-devel-linux-x86_64-debian-gcc 0.1.1 58.88 27.32 86.20 NOTE
r-devel-linux-x86_64-fedora-clang 0.1.1 182.81 NOTE
r-devel-linux-x86_64-fedora-gcc 0.1.1 177.34 NOTE
r-devel-windows-x86_64 0.1.1 69.00 71.00 140.00 NOTE
r-patched-linux-x86_64 0.1.1 88.57 34.26 122.83 NOTE
r-release-linux-x86_64 0.1.1 88.45 34.37 122.82 NOTE
r-release-macos-arm64 0.1.1 43.00 NOTE
r-release-macos-x86_64 0.1.1 83.00 NOTE
r-release-windows-x86_64 0.1.1 84.00 79.00 163.00 NOTE
r-oldrel-macos-arm64 0.1.1 41.00 NOTE
r-oldrel-macos-x86_64 0.1.1 60.00 NOTE
r-oldrel-windows-x86_64 0.1.1 81.00 77.00 158.00 NOTE

Check Details

Version: 0.1.1
Check: LazyData
Result: NOTE
     'LazyData' is specified without a 'data' directory
Flavors: r-devel-linux-x86_64-debian-clang, r-devel-linux-x86_64-debian-gcc, r-devel-linux-x86_64-fedora-clang, r-devel-linux-x86_64-fedora-gcc, r-devel-windows-x86_64, r-patched-linux-x86_64, r-release-linux-x86_64, r-release-macos-arm64, r-release-macos-x86_64, r-release-windows-x86_64, r-oldrel-macos-arm64, r-oldrel-macos-x86_64, r-oldrel-windows-x86_64