Last updated on 2023-03-31 08:53:59 CEST.
Flavor | Version | Tinstall | Tcheck | Ttotal | Status | Flags |
---|---|---|---|---|---|---|
r-devel-linux-x86_64-debian-clang | 0.9.1.5 | 88.93 | 138.23 | 227.16 | NOTE | |
r-devel-linux-x86_64-debian-gcc | 0.9.1.5 | 60.11 | 108.52 | 168.63 | NOTE | |
r-devel-linux-x86_64-fedora-clang | 0.9.1.5 | 329.19 | NOTE | |||
r-devel-linux-x86_64-fedora-gcc | 0.9.1.5 | 302.98 | NOTE | |||
r-devel-windows-x86_64 | 0.9.1.5 | 120.00 | 194.00 | 314.00 | NOTE | |
r-patched-linux-x86_64 | 0.9.1.5 | 74.38 | 131.39 | 205.77 | NOTE | |
r-release-linux-x86_64 | 0.9.1.5 | 60.15 | 131.28 | 191.43 | OK | |
r-release-macos-arm64 | 0.9.1.5 | 88.00 | OK | |||
r-release-macos-x86_64 | 0.9.1.5 | 107.00 | OK | |||
r-release-windows-x86_64 | 0.9.1.5 | 146.00 | 200.00 | 346.00 | OK | |
r-oldrel-macos-arm64 | 0.9.1.5 | 81.00 | OK | |||
r-oldrel-macos-x86_64 | 0.9.1.5 | 105.00 | OK | |||
r-oldrel-windows-ix86+x86_64 | 0.9.1.5 | 194.00 | 237.00 | 431.00 | OK |
Version: 0.9.1.5
Check: C++ specification
Result: NOTE
Specified C++11: please drop specification unless essential
Flavors: r-devel-linux-x86_64-debian-clang, r-devel-linux-x86_64-debian-gcc, r-devel-linux-x86_64-fedora-clang, r-devel-linux-x86_64-fedora-gcc, r-devel-windows-x86_64, r-patched-linux-x86_64