CRAN Package Check Results for Package FedData

Last updated on 2021-10-22 00:50:25 CEST.

Flavor Version Tinstall Tcheck Ttotal Status Flags
r-devel-linux-x86_64-debian-clang 2.5.7 28.21 268.69 296.90 OK
r-devel-linux-x86_64-debian-gcc 2.5.7 23.47 195.56 219.03 OK
r-devel-linux-x86_64-fedora-clang 2.5.7 360.98 OK
r-devel-linux-x86_64-fedora-gcc 2.5.7 348.93 OK
r-devel-windows-x86_64 2.5.7 48.00 293.00 341.00 OK
r-devel-windows-x86_64-gcc10-UCRT 2.5.7 ERROR
r-patched-linux-x86_64 2.5.7 33.44 254.34 287.78 OK
r-patched-solaris-x86 2.5.7 446.80 OK
r-release-linux-x86_64 2.5.7 27.64 255.89 283.53 OK
r-release-macos-arm64 2.5.7 OK
r-release-macos-x86_64 2.5.7 OK
r-release-windows-ix86+x86_64 2.5.7 47.00 286.00 333.00 OK
r-oldrel-macos-x86_64 2.5.7 OK
r-oldrel-windows-ix86+x86_64 2.5.7 35.00 170.00 205.00 OK

Check Details

Version: 2.5.7
Check: package dependencies
Result: ERROR
    Package required but not available: 'igraph'
    
    See section 'The DESCRIPTION file' in the 'Writing R Extensions'
    manual.
Flavor: r-devel-windows-x86_64-gcc10-UCRT