CRAN Package Check Results for Package FertBoot

Last updated on 2022-05-22 09:52:16 CEST.

Flavor Version Tinstall Tcheck Ttotal Status Flags
r-devel-linux-x86_64-debian-clang 0.5.0 2.70 35.36 38.06 NOTE
r-devel-linux-x86_64-debian-gcc 0.5.0 1.86 27.36 29.22 NOTE
r-devel-linux-x86_64-fedora-clang 0.5.0 47.27 NOTE
r-devel-linux-x86_64-fedora-gcc 0.5.0 45.82 NOTE
r-devel-windows-x86_64 0.5.0 10.00 52.00 62.00 NOTE
r-patched-linux-x86_64 0.5.0 2.34 34.21 36.55 NOTE
r-release-linux-x86_64 0.5.0 1.56 34.38 35.94 NOTE
r-release-macos-arm64 0.5.0 20.00 NOTE
r-release-macos-x86_64 0.5.0 25.00 NOTE
r-release-windows-x86_64 0.5.0 8.00 50.00 58.00 NOTE
r-oldrel-macos-arm64 0.5.0 22.00 NOTE
r-oldrel-macos-x86_64 0.5.0 25.00 NOTE
r-oldrel-windows-ix86+x86_64 0.5.0 7.00 45.00 52.00 NOTE

Check Details

Version: 0.5.0
Check: LazyData
Result: NOTE
     'LazyData' is specified without a 'data' directory
Flavors: r-devel-linux-x86_64-debian-clang, r-devel-linux-x86_64-debian-gcc, r-devel-linux-x86_64-fedora-clang, r-devel-linux-x86_64-fedora-gcc, r-devel-windows-x86_64, r-patched-linux-x86_64, r-release-linux-x86_64, r-release-macos-arm64, r-release-macos-x86_64, r-release-windows-x86_64, r-oldrel-macos-arm64, r-oldrel-macos-x86_64, r-oldrel-windows-ix86+x86_64