CRAN Package Check Results for Package FishPhyloMaker

Last updated on 2023-06-03 16:51:56 CEST.

Flavor Version Tinstall Tcheck Ttotal Status Flags
r-devel-linux-x86_64-debian-clang 0.2.0 3.20 41.78 44.98 OK
r-devel-linux-x86_64-debian-gcc 0.2.0 3.53 32.77 36.30 OK
r-devel-linux-x86_64-fedora-clang 0.2.0 62.36 NOTE
r-devel-linux-x86_64-fedora-gcc 0.2.0 71.62 NOTE
r-devel-windows-x86_64 0.2.0 7.00 60.00 67.00 OK
r-patched-linux-x86_64 0.2.0 OK
r-release-linux-x86_64 0.2.0 3.76 41.31 45.07 OK
r-release-macos-arm64 0.2.0 31.00 OK
r-release-macos-x86_64 0.2.0 40.00 OK
r-release-windows-x86_64 0.2.0 8.00 63.00 71.00 OK
r-oldrel-macos-arm64 0.2.0 21.00 NOTE
r-oldrel-macos-x86_64 0.2.0 42.00 NOTE
r-oldrel-windows-x86_64 0.2.0 7.00 65.00 72.00 OK

Check Details

Version: 0.2.0
Check: dependencies in R code
Result: NOTE
    Namespaces in Imports field not imported from:
     ‘knitr’ ‘rmarkdown’ ‘utils’
     All declared Imports should be used.
Flavors: r-devel-linux-x86_64-fedora-clang, r-devel-linux-x86_64-fedora-gcc, r-oldrel-macos-arm64, r-oldrel-macos-x86_64