Last updated on 2023-06-05 20:57:38 CEST.
Flavor | Version | Tinstall | Tcheck | Ttotal | Status | Flags |
---|---|---|---|---|---|---|
r-devel-linux-x86_64-debian-clang | 1.5-5 | 13.54 | 91.84 | 105.38 | NOTE | |
r-devel-linux-x86_64-debian-gcc | 1.5-5 | 10.52 | 67.97 | 78.49 | NOTE | |
r-devel-linux-x86_64-fedora-clang | 1.5-5 | 127.53 | NOTE | |||
r-devel-linux-x86_64-fedora-gcc | 1.5-5 | 119.44 | NOTE | |||
r-devel-windows-x86_64 | 1.5-5 | 11.00 | 80.00 | 91.00 | NOTE | |
r-patched-linux-x86_64 | 1.5-5 | 16.05 | 86.03 | 102.08 | NOTE | |
r-release-linux-x86_64 | 1.5-5 | 14.68 | 86.63 | 101.31 | NOTE | |
r-release-macos-arm64 | 1.5-5 | 37.00 | NOTE | |||
r-release-macos-x86_64 | 1.5-5 | 63.00 | NOTE | |||
r-release-windows-x86_64 | 1.5-5 | 16.00 | 95.00 | 111.00 | NOTE | |
r-oldrel-macos-arm64 | 1.5-5 | 38.00 | OK | |||
r-oldrel-macos-x86_64 | 1.5-5 | 46.00 | OK | |||
r-oldrel-windows-x86_64 | 1.5-5 | 14.00 | 91.00 | 105.00 | OK |
Version: 1.5-5
Check: dependencies in R code
Result: NOTE
There are ::: calls to the package's namespace in its code. A package
almost never needs to use ::: for its own objects:
‘FPCEnv’
Flavors: r-devel-linux-x86_64-debian-clang, r-devel-linux-x86_64-debian-gcc, r-devel-linux-x86_64-fedora-clang, r-devel-linux-x86_64-fedora-gcc, r-devel-windows-x86_64, r-patched-linux-x86_64, r-release-linux-x86_64, r-release-macos-arm64, r-release-macos-x86_64, r-release-windows-x86_64