CRAN Package Check Results for Package FlowScreen

Last updated on 2023-12-06 11:52:24 CET.

Flavor Version Tinstall Tcheck Ttotal Status Flags
r-devel-linux-x86_64-debian-clang 1.2.6 7.38 58.91 66.29 OK
r-devel-linux-x86_64-debian-gcc 1.2.6 4.90 44.17 49.07 OK
r-devel-linux-x86_64-fedora-clang 1.2.6 80.68 NOTE
r-devel-linux-x86_64-fedora-gcc 1.2.6 78.75 OK
r-devel-windows-x86_64 1.2.6 6.00 73.00 79.00 OK
r-patched-linux-x86_64 1.2.6 7.51 56.70 64.21 OK
r-release-linux-x86_64 1.2.6 6.52 57.34 63.86 OK
r-release-macos-arm64 1.2.6 26.00 OK
r-release-macos-x86_64 1.2.6 48.00 OK
r-release-windows-x86_64 1.2.6 9.00 77.00 86.00 OK
r-oldrel-macos-arm64 1.2.6 27.00 OK
r-oldrel-macos-x86_64 1.2.6 35.00 OK
r-oldrel-windows-x86_64 1.2.6 9.00 74.00 83.00 OK

Check Details

Version: 1.2.6
Check: Rd cross-references
Result: NOTE Undeclared package ‘Kendall’ in Rd xrefs Flavor: r-devel-linux-x86_64-fedora-clang