CRAN Package Check Results for Package ForecastComb

Last updated on 2024-03-05 11:55:34 CET.

Flavor Version Tinstall Tcheck Ttotal Status Flags
r-devel-linux-x86_64-debian-clang 1.3.1 15.90 219.18 235.08 OK
r-devel-linux-x86_64-debian-gcc 1.3.1 11.88 157.73 169.61 OK
r-devel-linux-x86_64-fedora-clang 1.3.1 290.29 NOTE
r-devel-linux-x86_64-fedora-gcc 1.3.1 286.33 OK
r-devel-windows-x86_64 1.3.1 14.00 160.00 174.00 OK
r-patched-linux-x86_64 1.3.1 20.42 202.68 223.10 OK
r-release-linux-x86_64 1.3.1 10.28 207.69 217.97 OK
r-release-macos-arm64 1.3.1 74.00 OK
r-release-macos-x86_64 1.3.1 139.00 OK
r-release-windows-x86_64 1.3.1 19.00 205.00 224.00 OK
r-oldrel-macos-arm64 1.3.1 76.00 OK
r-oldrel-windows-x86_64 1.3.1 20.00 206.00 226.00 OK

Check Details

Version: 1.3.1
Check: Rd cross-references
Result: NOTE Undeclared package ‘ForecastCombinations’ in Rd xrefs Flavor: r-devel-linux-x86_64-fedora-clang