CRAN Package Check Results for Package FourWayHMM

Last updated on 2024-03-03 04:12:20 CET.

Flavor Version Tinstall Tcheck Ttotal Status Flags
r-devel-linux-x86_64-debian-clang 1.0.0 3.51 30.41 33.92 OK
r-devel-linux-x86_64-debian-gcc 1.0.0 2.83 22.59 25.42 OK
r-devel-linux-x86_64-fedora-clang 1.0.0 43.47 NOTE
r-devel-linux-x86_64-fedora-gcc 1.0.0 39.44 NOTE
r-devel-windows-x86_64 1.0.0 5.00 48.00 53.00 OK
r-patched-linux-x86_64 1.0.0 4.49 29.51 34.00 OK
r-release-linux-x86_64 1.0.0 2.57 29.13 31.70 OK
r-release-macos-arm64 1.0.0 20.00 OK
r-release-macos-x86_64 1.0.0 25.00 OK
r-release-windows-x86_64 1.0.0 6.00 47.00 53.00 OK
r-oldrel-macos-arm64 1.0.0 19.00 NOTE
r-oldrel-windows-x86_64 1.0.0 6.00 53.00 59.00 OK

Check Details

Version: 1.0.0
Check: dependencies in R code
Result: NOTE Namespace in Imports field not imported from: ‘LaplacesDemon’ All declared Imports should be used. Flavors: r-devel-linux-x86_64-fedora-clang, r-devel-linux-x86_64-fedora-gcc, r-oldrel-macos-arm64