CRAN Package Check Results for Package FuncNN

Last updated on 2023-09-27 01:05:29 CEST.

Flavor Version Tinstall Tcheck Ttotal Status Flags
r-devel-linux-x86_64-debian-clang 1.0 21.34 167.68 189.02 OK
r-devel-linux-x86_64-debian-gcc 1.0 17.32 120.37 137.69 OK
r-devel-linux-x86_64-fedora-clang 1.0 227.64 NOTE
r-devel-linux-x86_64-fedora-gcc 1.0 215.02 NOTE
r-devel-windows-x86_64 1.0 19.00 131.00 150.00 OK
r-patched-linux-x86_64 1.0 18.16 154.37 172.53 OK
r-release-linux-x86_64 1.0 19.18 155.81 174.99 OK
r-release-macos-arm64 1.0 66.00 OK
r-release-macos-x86_64 1.0 107.00 OK
r-release-windows-x86_64 1.0 26.00 158.00 184.00 OK
r-oldrel-macos-arm64 1.0 56.00 NOTE
r-oldrel-macos-x86_64 1.0 101.00 NOTE
r-oldrel-windows-x86_64 1.0 24.00 156.00 180.00 OK

Additional issues

donttest

Check Details

Version: 1.0
Check: dependencies in R code
Result: NOTE
    Namespace in Imports field not imported from: ‘foreach’
     All declared Imports should be used.
Flavors: r-devel-linux-x86_64-fedora-clang, r-devel-linux-x86_64-fedora-gcc, r-oldrel-macos-arm64, r-oldrel-macos-x86_64