Last updated on 2023-11-29 04:00:58 CET.
Flavor | Version | Tinstall | Tcheck | Ttotal | Status | Flags |
---|---|---|---|---|---|---|
r-devel-linux-x86_64-debian-clang | 0.4.2 | 6.66 | 105.28 | 111.94 | NOTE | |
r-devel-linux-x86_64-debian-gcc | 0.4.2 | 5.76 | 79.29 | 85.05 | NOTE | |
r-devel-linux-x86_64-fedora-clang | 0.4.2 | 153.83 | NOTE | |||
r-devel-linux-x86_64-fedora-gcc | 0.4.2 | 155.80 | NOTE | |||
r-devel-windows-x86_64 | 0.4.2 | 7.00 | 93.00 | 100.00 | NOTE | |
r-patched-linux-x86_64 | 0.4.2 | 4.70 | 100.85 | 105.55 | OK | |
r-release-linux-x86_64 | 0.4.2 | 4.96 | 99.51 | 104.47 | OK | |
r-release-macos-arm64 | 0.4.2 | 47.00 | OK | |||
r-release-macos-x86_64 | 0.4.2 | 87.00 | OK | |||
r-release-windows-x86_64 | 0.4.2 | 9.00 | 111.00 | 120.00 | OK | |
r-oldrel-macos-arm64 | 0.4.2 | 54.00 | OK | |||
r-oldrel-macos-x86_64 | 0.4.2 | 66.00 | OK | |||
r-oldrel-windows-x86_64 | 0.4.2 | 11.00 | 110.00 | 121.00 | OK |
Version: 0.4.2
Check: Rd files
Result: NOTE
checkRd: (-1) funnel_plot.Rd:50: Lost braces in \itemize; meant \describe ?
checkRd: (-1) funnel_plot.Rd:51: Lost braces in \itemize; meant \describe ?
checkRd: (-1) funnel_plot.Rd:52: Lost braces in \itemize; meant \describe ?
checkRd: (-1) funnel_plot.Rd:53: Lost braces in \itemize; meant \describe ?
checkRd: (-1) funnel_plot.Rd:54: Lost braces in \itemize; meant \describe ?
checkRd: (-1) funnel_plot.Rd:55: Lost braces in \itemize; meant \describe ?
checkRd: (-1) funnel_plot.Rd:56: Lost braces in \itemize; meant \describe ?
checkRd: (-1) funnel_plot.Rd:57: Lost braces in \itemize; meant \describe ?
Flavors: r-devel-linux-x86_64-debian-clang, r-devel-linux-x86_64-debian-gcc
Version: 0.4.2
Check: Rd \usage sections
Result: NOTE
Documented arguments not in \usage in Rd file 'build_limits_lookup.Rd':
‘min_preds’ ‘max_preds’ ‘min_ratio’ ‘max_ratio’ ‘draw_unadjusted’
Functions with \usage entries need to have the appropriate \alias
entries, and all their arguments documented.
The \usage entries must correspond to syntactically valid R code.
See chapter ‘Writing R documentation files’ in the ‘Writing R
Extensions’ manual.
Flavors: r-devel-linux-x86_64-debian-clang, r-devel-linux-x86_64-debian-gcc, r-devel-linux-x86_64-fedora-clang, r-devel-linux-x86_64-fedora-gcc, r-devel-windows-x86_64