Last updated on 2023-12-07 15:48:18 CET.
Flavor | Version | Tinstall | Tcheck | Ttotal | Status | Flags |
---|---|---|---|---|---|---|
r-devel-linux-x86_64-debian-clang | 2.3.2 | 8.48 | 77.97 | 86.45 | NOTE | |
r-devel-linux-x86_64-debian-gcc | 2.3.2 | 7.95 | 59.02 | 66.97 | NOTE | |
r-devel-linux-x86_64-fedora-clang | 2.3.2 | 109.22 | OK | |||
r-devel-linux-x86_64-fedora-gcc | 2.3.2 | 105.26 | OK | |||
r-devel-windows-x86_64 | 2.3.2 | 10.00 | 84.00 | 94.00 | OK | |
r-patched-linux-x86_64 | 2.3.2 | 10.18 | 78.48 | 88.66 | OK | |
r-release-linux-x86_64 | 2.3.2 | 9.04 | 76.26 | 85.30 | OK | |
r-release-macos-arm64 | 2.3.2 | 31.00 | OK | |||
r-release-macos-x86_64 | 2.3.2 | 52.00 | OK | |||
r-release-windows-x86_64 | 2.3.2 | 12.00 | 96.00 | 108.00 | OK | |
r-oldrel-macos-arm64 | 2.3.2 | 28.00 | OK | |||
r-oldrel-macos-x86_64 | 2.3.2 | 57.00 | OK | |||
r-oldrel-windows-x86_64 | 2.3.2 | 13.00 | 90.00 | 103.00 | OK |
Version: 2.3.2
Check: Rd files
Result: NOTE
checkRd: (-1) genmf.Rd:26: Lost braces; missing escapes or markup?
26 | \item 'gbellmf' is c(\code{a, b, c}), where \code{a} denotes the width, \code{b} is usually positive and {c} locates the center of the curve.
| ^
Flavors: r-devel-linux-x86_64-debian-clang, r-devel-linux-x86_64-debian-gcc