Last updated on 2023-03-28 12:54:41 CEST.
Flavor | Version | Tinstall | Tcheck | Ttotal | Status | Flags |
---|---|---|---|---|---|---|
r-devel-linux-x86_64-debian-clang | 0.5.1 | 156.68 | 42.54 | 199.22 | NOTE | |
r-devel-linux-x86_64-debian-gcc | 0.5.1 | 128.05 | 41.78 | 169.83 | NOTE | |
r-devel-linux-x86_64-fedora-clang | 0.5.1 | 282.78 | NOTE | |||
r-devel-linux-x86_64-fedora-gcc | 0.5.1 | 287.29 | NOTE | |||
r-patched-linux-x86_64 | 0.5.1 | 139.38 | 53.62 | 193.00 | NOTE | |
r-release-linux-x86_64 | 0.5.1 | 153.05 | 51.02 | 204.07 | OK | |
r-release-macos-arm64 | 0.5.1 | 82.00 | NOTE | |||
r-release-macos-x86_64 | 0.5.1 | 98.00 | NOTE | |||
r-release-windows-x86_64 | 0.5.1 | 127.00 | 107.00 | 234.00 | OK | |
r-oldrel-macos-arm64 | 0.5.1 | 75.00 | NOTE | |||
r-oldrel-macos-x86_64 | 0.5.1 | 97.00 | NOTE | |||
r-oldrel-windows-ix86+x86_64 | 0.5.1 | 355.00 | 124.00 | 479.00 | OK |
Version: 0.5.1
Check: C++ specification
Result: NOTE
Specified C++14: please drop specification unless essential
Flavors: r-devel-linux-x86_64-debian-clang, r-devel-linux-x86_64-debian-gcc, r-devel-linux-x86_64-fedora-clang, r-devel-linux-x86_64-fedora-gcc, r-patched-linux-x86_64
Version: 0.5.1
Check: installed package size
Result: NOTE
installed size is 41.7Mb
sub-directories of 1Mb or more:
libs 41.6Mb
Flavors: r-release-macos-arm64, r-release-macos-x86_64, r-oldrel-macos-arm64, r-oldrel-macos-x86_64