CRAN Package Check Results for Package GALLO

Last updated on 2024-06-12 20:58:57 CEST.

Flavor Version Tinstall Tcheck Ttotal Status Flags
r-devel-linux-x86_64-debian-clang 1.5 8.80 125.93 134.73 OK
r-devel-linux-x86_64-debian-gcc 1.5 0.67 1.77 2.44 ERROR
r-devel-linux-x86_64-fedora-clang 1.5 186.70 OK
r-devel-linux-x86_64-fedora-gcc 1.5 192.03 OK
r-devel-windows-x86_64 1.5 11.00 112.00 123.00 OK
r-patched-linux-x86_64 1.5 9.65 126.60 136.25 OK
r-release-linux-x86_64 1.5 7.60 120.45 128.05 OK
r-release-macos-arm64 1.5 58.00 OK
r-release-macos-x86_64 1.5 138.00 NOTE
r-release-windows-x86_64 1.5 12.00 129.00 141.00 OK
r-oldrel-macos-arm64 1.5 75.00 OK
r-oldrel-macos-x86_64 1.5 205.00 NOTE
r-oldrel-windows-x86_64 1.5 14.00 143.00 157.00 OK

Check Details

Version: 1.5
Check: package dependencies
Result: ERROR Packages required but not available: 'dplyr', 'ggplot2', 'stringr', 'igraph' Packages suggested but not available for checking: 'Hmisc', 'testthat' See section ‘The DESCRIPTION file’ in the ‘Writing R Extensions’ manual. Flavor: r-devel-linux-x86_64-debian-gcc

Version: 1.5
Check: installed package size
Result: NOTE installed size is 5.2Mb sub-directories of 1Mb or more: data 2.6Mb doc 2.0Mb Flavors: r-release-macos-x86_64, r-oldrel-macos-x86_64