CRAN Package Check Results for Package GCD

Last updated on 2021-12-04 11:52:36 CET.

Flavor Version Tinstall Tcheck Ttotal Status Flags
r-devel-linux-x86_64-debian-clang 4.0.7 2.08 43.60 45.68 OK
r-devel-linux-x86_64-debian-gcc 4.0.7 1.72 34.58 36.30 OK
r-devel-linux-x86_64-fedora-clang 4.0.7 58.17 NOTE
r-devel-linux-x86_64-fedora-gcc 4.0.7 46.41 NOTE
r-devel-windows-x86_64-new-UL 4.0.7 7.00 76.00 83.00 OK
r-devel-windows-x86_64-new-TK 4.0.7 NOTE
r-devel-windows-x86_64-old 4.0.7 5.00 42.00 47.00 OK
r-patched-linux-x86_64 4.0.7 2.24 34.02 36.26 OK
r-release-linux-x86_64 4.0.7 1.93 34.72 36.65 OK
r-release-macos-arm64 4.0.7 NOTE
r-release-macos-x86_64 4.0.7 NOTE
r-release-windows-ix86+x86_64 4.0.7 5.00 59.00 64.00 OK
r-oldrel-macos-x86_64 4.0.7 NOTE
r-oldrel-windows-ix86+x86_64 4.0.7 5.00 59.00 64.00 OK

Check Details

Version: 4.0.7
Check: dependencies in R code
Result: NOTE
    Namespace in Imports field not imported from: ‘raster’
     All declared Imports should be used.
Flavors: r-devel-linux-x86_64-fedora-clang, r-devel-linux-x86_64-fedora-gcc, r-devel-windows-x86_64-new-TK, r-release-macos-arm64, r-release-macos-x86_64, r-oldrel-macos-x86_64

Version: 4.0.7
Check: data for non-ASCII characters
Result: NOTE
     Note: found 103 marked UTF-8 strings
Flavors: r-devel-linux-x86_64-fedora-clang, r-devel-linux-x86_64-fedora-gcc, r-devel-windows-x86_64-new-TK, r-release-macos-arm64, r-release-macos-x86_64, r-oldrel-macos-x86_64