Last updated on 2023-09-24 21:04:44 CEST.
Flavor | Version | Tinstall | Tcheck | Ttotal | Status | Flags |
---|---|---|---|---|---|---|
r-devel-linux-x86_64-debian-clang | 2.0.9 | 5.98 | 43.41 | 49.39 | NOTE | |
r-devel-linux-x86_64-debian-gcc | 2.0.9 | 5.48 | 32.50 | 37.98 | NOTE | |
r-devel-linux-x86_64-fedora-clang | 2.0.9 | 61.45 | NOTE | |||
r-devel-linux-x86_64-fedora-gcc | 2.0.9 | 60.66 | NOTE | |||
r-devel-windows-x86_64 | 2.0.9 | 7.00 | 59.00 | 66.00 | NOTE | |
r-patched-linux-x86_64 | 2.0.9 | 8.51 | 41.96 | 50.47 | NOTE | |
r-release-linux-x86_64 | 2.0.9 | 7.49 | 42.03 | 49.52 | NOTE | |
r-release-macos-arm64 | 2.0.9 | 25.00 | NOTE | |||
r-release-macos-x86_64 | 2.0.9 | 34.00 | NOTE | |||
r-release-windows-x86_64 | 2.0.9 | 11.00 | 62.00 | 73.00 | NOTE | |
r-oldrel-macos-arm64 | 2.0.9 | 22.00 | NOTE | |||
r-oldrel-macos-x86_64 | 2.0.9 | 33.00 | NOTE | |||
r-oldrel-windows-x86_64 | 2.0.9 | 10.00 | 56.00 | 66.00 | NOTE |
Version: 2.0.9
Check: Rd \usage sections
Result: NOTE
Documented arguments not in \usage in documentation object 'expand':
‘x’
Documented arguments not in \usage in documentation object '%bq%':
‘x’
Documented arguments not in \usage in documentation object '%bt%':
‘x’
Documented arguments not in \usage in documentation object 'stftcalc':
‘x’
Functions with \usage entries need to have the appropriate \alias
entries, and all their arguments documented.
The \usage entries must correspond to syntactically valid R code.
See chapter ‘Writing R documentation files’ in the ‘Writing R
Extensions’ manual.
Flavors: r-devel-linux-x86_64-debian-clang, r-devel-linux-x86_64-debian-gcc, r-devel-linux-x86_64-fedora-clang, r-devel-linux-x86_64-fedora-gcc, r-devel-windows-x86_64
Version: 2.0.9
Check: LazyData
Result: NOTE
'LazyData' is specified without a 'data' directory
Flavors: r-devel-linux-x86_64-debian-clang, r-devel-linux-x86_64-debian-gcc, r-devel-linux-x86_64-fedora-clang, r-devel-linux-x86_64-fedora-gcc, r-devel-windows-x86_64, r-patched-linux-x86_64, r-release-linux-x86_64, r-release-macos-arm64, r-release-macos-x86_64, r-release-windows-x86_64, r-oldrel-macos-arm64, r-oldrel-macos-x86_64, r-oldrel-windows-x86_64