CRAN Package Check Results for Package GFDsurv

Last updated on 2022-01-26 11:53:39 CET.

Flavor Version Tinstall Tcheck Ttotal Status Flags
r-devel-linux-x86_64-debian-clang 0.1.0 17.39 125.12 142.51 OK
r-devel-linux-x86_64-debian-gcc 0.1.0 12.81 95.71 108.52 OK
r-devel-linux-x86_64-fedora-clang 0.1.0 163.70 OK
r-devel-linux-x86_64-fedora-gcc 0.1.0 155.36 OK
r-devel-windows-x86_64-new-UL 0.1.0 34.00 138.00 172.00 OK
r-devel-windows-x86_64-new-TK 0.1.0 ERROR
r-patched-linux-x86_64 0.1.0 13.16 112.37 125.53 OK
r-release-linux-x86_64 0.1.0 12.24 112.62 124.86 OK
r-release-macos-arm64 0.1.0 OK
r-release-macos-x86_64 0.1.0 OK
r-release-windows-ix86+x86_64 0.1.0 31.00 133.00 164.00 OK
r-oldrel-macos-x86_64 0.1.0 OK
r-oldrel-windows-ix86+x86_64 0.1.0 35.00 134.00 169.00 OK

Check Details

Version: 0.1.0
Check: package dependencies
Result: ERROR
    Package required but not available: 'survminer'
    
    See section 'The DESCRIPTION file' in the 'Writing R Extensions'
    manual.
Flavor: r-devel-windows-x86_64-new-TK