CRAN Package Check Results for Package GGIR

Last updated on 2021-10-26 20:50:54 CEST.

Flavor Version Tinstall Tcheck Ttotal Status Flags
r-devel-linux-x86_64-debian-clang 2.4-0 49.01 164.91 213.92 OK
r-devel-linux-x86_64-debian-gcc 2.4-0 35.98 119.98 155.96 OK
r-devel-linux-x86_64-fedora-clang 2.5-0 302.48 NOTE
r-devel-linux-x86_64-fedora-gcc 2.5-0 292.17 OK
r-devel-windows-x86_64 2.4-0 71.00 228.00 299.00 NOTE
r-devel-windows-x86_64-gcc10-UCRT 2.4-0 OK
r-patched-linux-x86_64 2.4-0 45.69 159.64 205.33 OK
r-patched-solaris-x86 2.5-0 298.90 NOTE
r-release-linux-x86_64 2.4-0 43.76 159.51 203.27 OK
r-release-macos-arm64 2.4-0 NOTE
r-release-macos-x86_64 2.4-0 NOTE
r-release-windows-ix86+x86_64 2.4-0 77.00 277.00 354.00 NOTE
r-oldrel-macos-x86_64 2.4-0 NOTE
r-oldrel-windows-ix86+x86_64 2.4-0 102.00 295.00 397.00 NOTE

Check Details

Version: 2.5-0
Check: installed package size
Result: NOTE
     installed size is 6.4Mb
     sub-directories of 1Mb or more:
     doc 3.1Mb
Flavors: r-devel-linux-x86_64-fedora-clang, r-patched-solaris-x86

Version: 2.4-0
Check: installed package size
Result: NOTE
     installed size is 6.7Mb
     sub-directories of 1Mb or more:
     doc 3.3Mb
Flavors: r-devel-windows-x86_64, r-release-macos-arm64, r-release-macos-x86_64, r-release-windows-ix86+x86_64, r-oldrel-macos-x86_64, r-oldrel-windows-ix86+x86_64