Last updated on 2023-09-27 01:05:29 CEST.
Flavor | Version | Tinstall | Tcheck | Ttotal | Status | Flags |
---|---|---|---|---|---|---|
r-devel-linux-x86_64-debian-clang | 1.0.0 | 15.66 | 119.06 | 134.72 | NOTE | |
r-devel-linux-x86_64-debian-gcc | 1.0.0 | 10.23 | 85.63 | 95.86 | NOTE | |
r-devel-linux-x86_64-fedora-clang | 1.0.0 | 164.64 | NOTE | |||
r-devel-linux-x86_64-fedora-gcc | 1.0.0 | 173.10 | NOTE | |||
r-devel-windows-x86_64 | 1.0.0 | 13.00 | 104.00 | 117.00 | NOTE | |
r-patched-linux-x86_64 | 1.0.0 | 9.68 | 110.42 | 120.10 | NOTE | |
r-release-linux-x86_64 | 1.0.0 | 9.35 | 109.65 | 119.00 | NOTE | |
r-release-macos-arm64 | 1.0.0 | 50.00 | NOTE | |||
r-release-macos-x86_64 | 1.0.0 | 86.00 | NOTE | |||
r-release-windows-x86_64 | 1.0.0 | 18.00 | 128.00 | 146.00 | NOTE | |
r-oldrel-macos-arm64 | 1.0.0 | 49.00 | NOTE | |||
r-oldrel-macos-x86_64 | 1.0.0 | 85.00 | NOTE | |||
r-oldrel-windows-x86_64 | 1.0.0 | 17.00 | 127.00 | 144.00 | OK |
Version: 1.0.0
Check: Rd files
Result: NOTE
checkRd: (-1) constrained.Rd:37: Escaped LaTeX specials: \&
Flavors: r-devel-linux-x86_64-debian-clang, r-devel-linux-x86_64-debian-gcc, r-devel-linux-x86_64-fedora-clang, r-devel-linux-x86_64-fedora-gcc, r-devel-windows-x86_64, r-patched-linux-x86_64, r-release-linux-x86_64, r-release-macos-arm64, r-release-macos-x86_64, r-release-windows-x86_64
Version: 1.0.0
Check: dependencies in R code
Result: NOTE
Namespaces in Imports field not imported from:
‘Matrix’ ‘Rdpack’
All declared Imports should be used.
Flavors: r-devel-linux-x86_64-fedora-clang, r-devel-linux-x86_64-fedora-gcc, r-oldrel-macos-arm64, r-oldrel-macos-x86_64