Last updated on 2023-09-23 01:54:13 CEST.
Flavor | Version | Tinstall | Tcheck | Ttotal | Status | Flags |
---|---|---|---|---|---|---|
r-devel-linux-x86_64-debian-clang | 3.0.0 | 23.45 | 170.06 | 193.51 | OK | |
r-devel-linux-x86_64-debian-gcc | 3.0.0 | 18.36 | 120.73 | 139.09 | OK | |
r-devel-linux-x86_64-fedora-clang | 3.0.0 | 230.84 | NOTE | |||
r-devel-linux-x86_64-fedora-gcc | 3.0.0 | 236.84 | NOTE | |||
r-devel-windows-x86_64 | 3.0.0 | 20.00 | 134.00 | 154.00 | OK | |
r-patched-linux-x86_64 | 3.0.0 | 28.36 | 158.88 | 187.24 | OK | |
r-release-linux-x86_64 | 3.0.0 | 16.96 | 159.43 | 176.39 | OK | |
r-release-macos-arm64 | 3.0.0 | 68.00 | OK | |||
r-release-macos-x86_64 | 3.0.0 | 113.00 | OK | |||
r-release-windows-x86_64 | 3.0.0 | 26.00 | 166.00 | 192.00 | OK | |
r-oldrel-macos-arm64 | 3.0.0 | 57.00 | NOTE | |||
r-oldrel-macos-x86_64 | 3.0.0 | 76.00 | NOTE | |||
r-oldrel-windows-x86_64 | 3.0.0 | 27.00 | 156.00 | 183.00 | OK |
Version: 3.0.0
Check: dependencies in R code
Result: NOTE
Namespace in Imports field not imported from: ‘class’
All declared Imports should be used.
Flavors: r-devel-linux-x86_64-fedora-clang, r-devel-linux-x86_64-fedora-gcc, r-oldrel-macos-arm64, r-oldrel-macos-x86_64