Last updated on 2023-03-30 20:49:12 CEST.
Flavor | Version | Tinstall | Tcheck | Ttotal | Status | Flags |
---|---|---|---|---|---|---|
r-devel-linux-x86_64-debian-clang | 0.1.4 | 134.01 | 86.60 | 220.61 | NOTE | |
r-devel-linux-x86_64-debian-gcc | 0.1.4 | 105.56 | 52.18 | 157.74 | NOTE | |
r-devel-linux-x86_64-fedora-clang | 0.1.4 | 331.68 | NOTE | |||
r-devel-linux-x86_64-fedora-gcc | 0.1.4 | 296.40 | NOTE | |||
r-devel-windows-x86_64 | 0.1.4 | 140.00 | 127.00 | 267.00 | NOTE | |
r-patched-linux-x86_64 | 0.1.4 | 110.18 | 68.39 | 178.57 | NOTE | |
r-release-linux-x86_64 | 0.1.4 | 111.89 | 70.39 | 182.28 | OK | |
r-release-macos-arm64 | 0.1.4 | 72.00 | NOTE | |||
r-release-macos-x86_64 | 0.1.4 | 92.00 | NOTE | |||
r-release-windows-x86_64 | 0.1.4 | 117.00 | 129.00 | 246.00 | OK | |
r-oldrel-macos-arm64 | 0.1.4 | 69.00 | NOTE | |||
r-oldrel-macos-x86_64 | 0.1.4 | 94.00 | NOTE | |||
r-oldrel-windows-ix86+x86_64 | 0.1.4 | 336.00 | 132.00 | 468.00 | OK |
Version: 0.1.4
Check: C++ specification
Result: NOTE
Specified C++11: please drop specification unless essential
Flavors: r-devel-linux-x86_64-debian-clang, r-devel-linux-x86_64-debian-gcc, r-devel-linux-x86_64-fedora-clang, r-devel-linux-x86_64-fedora-gcc, r-devel-windows-x86_64, r-patched-linux-x86_64
Version: 0.1.4
Check: installed package size
Result: NOTE
installed size is 6.1Mb
sub-directories of 1Mb or more:
libs 5.5Mb
Flavors: r-release-macos-arm64, r-release-macos-x86_64, r-oldrel-macos-arm64, r-oldrel-macos-x86_64