CRAN Package Check Results for Package GRANBase

Last updated on 2021-11-29 07:51:11 CET.

Flavor Version Tinstall Tcheck Ttotal Status Flags
r-devel-linux-x86_64-debian-clang 2.6.20 OK
r-devel-linux-x86_64-debian-gcc 2.6.20 8.51 62.73 71.24 OK
r-devel-linux-x86_64-fedora-clang 2.6.20 128.45 OK
r-devel-linux-x86_64-fedora-gcc 2.6.20 108.09 OK
r-devel-windows-x86_64-new-UL 2.6.20 26.00 129.00 155.00 OK
r-devel-windows-x86_64-new-TK 0.10.0 OK
r-devel-windows-x86_64-old 2.6.20 13.00 90.00 103.00 OK
r-patched-linux-x86_64 2.6.20 14.84 199.81 214.65 OK
r-patched-solaris-x86 2.6.20 164.70 OK
r-release-linux-x86_64 2.6.20 7.99 195.83 203.82 OK
r-release-macos-arm64 2.6.20 NOTE
r-release-macos-x86_64 2.6.20 OK
r-release-windows-ix86+x86_64 2.6.20 23.00 201.00 224.00 OK
r-oldrel-macos-x86_64 2.6.20 OK
r-oldrel-windows-ix86+x86_64 2.6.20 34.00 202.00 236.00 OK

Check Details

Version: 2.6.20
Check: package dependencies
Result: NOTE
    Package suggested but not available for checking: ‘hexSticker’
Flavor: r-release-macos-arm64