CRAN Package Check Results for Package GSM

Last updated on 2021-09-21 04:55:11 CEST.

Flavor Version Tinstall Tcheck Ttotal Status Flags
r-devel-linux-x86_64-debian-clang 1.3.2 3.05 178.34 181.39 OK
r-devel-linux-x86_64-debian-gcc 1.3.2 2.45 127.61 130.06 OK
r-devel-linux-x86_64-fedora-clang 1.3.2 218.69 OK
r-devel-linux-x86_64-fedora-gcc 1.3.2 210.93 OK
r-devel-windows-x86_64 1.3.2 7.00 213.00 220.00 OK
r-devel-windows-x86_64-gcc10-UCRT 1.3.2 ERROR
r-patched-linux-x86_64 1.3.2 3.34 170.64 173.98 OK
r-patched-solaris-x86 1.3.2 357.70 OK
r-release-linux-x86_64 1.3.2 2.93 170.71 173.64 OK
r-release-macos-arm64 1.3.2 OK
r-release-macos-x86_64 1.3.2 OK
r-release-windows-ix86+x86_64 1.3.2 9.00 251.00 260.00 OK
r-oldrel-macos-x86_64 1.3.2 OK
r-oldrel-windows-ix86+x86_64 1.3.2 7.00 207.00 214.00 OK

Check Details

Version: 1.3.2
Check: whether package can be installed
Result: WARN
    Found the following significant warnings:
     WARNING: installation-time patches will not be applied, could not get the patches index
Flavor: r-devel-windows-x86_64-gcc10-UCRT

Version: 1.3.2
Check: PDF version of manual
Result: WARN
    LaTeX errors when creating PDF version.
    This typically indicates Rd problems.
Flavor: r-devel-windows-x86_64-gcc10-UCRT

Version: 1.3.2
Check: PDF version of manual without hyperrefs or index
Result: ERROR
    Re-running with no redirection of stdout/stderr.
Flavor: r-devel-windows-x86_64-gcc10-UCRT