Last updated on 2023-03-23 23:51:52 CET.
Flavor | Version | Tinstall | Tcheck | Ttotal | Status | Flags |
---|---|---|---|---|---|---|
r-devel-linux-x86_64-debian-clang | 1.2.3 | 33.65 | 57.68 | 91.33 | NOTE | |
r-devel-linux-x86_64-debian-gcc | 1.2.3 | 25.85 | 44.34 | 70.19 | NOTE | |
r-devel-linux-x86_64-fedora-clang | 1.2.3 | 128.04 | NOTE | |||
r-devel-linux-x86_64-fedora-gcc | 1.2.3 | 126.56 | NOTE | |||
r-devel-windows-x86_64 | 1.2.3 | 58.00 | 117.00 | 175.00 | NOTE | |
r-patched-linux-x86_64 | 1.2.3 | 30.04 | 56.43 | 86.47 | OK | |
r-release-linux-x86_64 | 1.2.3 | 28.42 | 57.86 | 86.28 | OK | |
r-release-macos-arm64 | 1.2.3 | 38.00 | NOTE | |||
r-release-macos-x86_64 | 1.2.3 | 242.00 | NOTE | |||
r-release-windows-x86_64 | 1.2.3 | 43.00 | 120.00 | 163.00 | OK | |
r-oldrel-macos-arm64 | 1.2.3 | 47.00 | NOTE | |||
r-oldrel-macos-x86_64 | 1.2.3 | 72.00 | NOTE | |||
r-oldrel-windows-ix86+x86_64 | 1.2.3 | 81.00 | 111.00 | 192.00 | NOTE |
Version: 1.2.3
Check: Rd files
Result: NOTE
checkRd: (-1) GUTS-package.Rd:39: Escaped LaTeX specials: \&
checkRd: (-1) GUTS.Rd:201: Escaped LaTeX specials: \&
checkRd: (-1) GUTS.Rd:209: Escaped LaTeX specials: \&
Flavors: r-devel-linux-x86_64-debian-clang, r-devel-linux-x86_64-debian-gcc, r-devel-linux-x86_64-fedora-clang, r-devel-linux-x86_64-fedora-gcc, r-devel-windows-x86_64
Version: 1.2.3
Check: installed package size
Result: NOTE
installed size is 5.9Mb
sub-directories of 1Mb or more:
extdata 2.5Mb
libs 2.4Mb
Flavors: r-release-macos-arm64, r-release-macos-x86_64, r-oldrel-macos-arm64, r-oldrel-macos-x86_64, r-oldrel-windows-ix86+x86_64