CRAN Package Check Results for Package GUTS

Last updated on 2024-03-05 00:51:40 CET.

Flavor Version Tinstall Tcheck Ttotal Status Flags
r-devel-linux-x86_64-debian-clang 1.2.5 35.45 60.76 96.21 OK
r-devel-linux-x86_64-debian-gcc 1.2.5 27.78 45.96 73.74 OK
r-devel-linux-x86_64-fedora-clang 1.2.5 130.35 OK
r-devel-linux-x86_64-fedora-gcc 1.2.5 147.39 OK
r-devel-windows-x86_64 1.2.5 27.00 91.00 118.00 OK
r-patched-linux-x86_64 1.2.5 35.48 58.36 93.84 OK
r-release-linux-x86_64 1.2.5 36.53 59.66 96.19 OK
r-release-macos-arm64 1.2.5 50.00 NOTE
r-release-macos-x86_64 1.2.5 113.00 NOTE
r-release-windows-x86_64 1.2.5 32.00 105.00 137.00 OK
r-oldrel-macos-arm64 1.2.5 51.00 NOTE
r-oldrel-windows-x86_64 1.2.5 34.00 108.00 142.00 OK

Check Details

Version: 1.2.5
Check: installed package size
Result: NOTE installed size is 5.4Mb sub-directories of 1Mb or more: extdata 2.5Mb libs 2.3Mb Flavors: r-release-macos-arm64, r-release-macos-x86_64, r-oldrel-macos-arm64