CRAN Package Check Results for Package GenEst

Last updated on 2022-01-21 23:48:47 CET.

Flavor Version Tinstall Tcheck Ttotal Status Flags
r-devel-linux-x86_64-debian-clang 1.4.6 37.33 250.36 287.69 OK
r-devel-linux-x86_64-debian-gcc 1.4.6 32.62 182.12 214.74 OK
r-devel-linux-x86_64-fedora-clang 1.4.6 358.41 NOTE
r-devel-linux-x86_64-fedora-gcc 1.4.6 337.89 NOTE
r-devel-windows-x86_64-new-UL 1.4.6 150.00 300.00 450.00 OK
r-devel-windows-x86_64-new-TK 1.4.6 NOTE
r-patched-linux-x86_64 1.4.6 37.77 247.01 284.78 OK
r-release-linux-x86_64 1.4.6 36.23 249.21 285.44 OK
r-release-macos-arm64 1.4.6 NOTE
r-release-macos-x86_64 1.4.6 NOTE
r-release-windows-ix86+x86_64 1.4.6 80.00 352.00 432.00 OK
r-oldrel-macos-x86_64 1.4.6 NOTE
r-oldrel-windows-ix86+x86_64 1.4.6 81.00 366.00 447.00 OK

Check Details

Version: 1.4.6
Check: dependencies in R code
Result: NOTE
    Namespace in Imports field not imported from: ‘htmlwidgets’
     All declared Imports should be used.
Flavors: r-devel-linux-x86_64-fedora-clang, r-devel-linux-x86_64-fedora-gcc, r-devel-windows-x86_64-new-TK, r-release-macos-arm64, r-release-macos-x86_64, r-oldrel-macos-x86_64