Last updated on 2023-03-31 20:50:13 CEST.
Flavor | Version | Tinstall | Tcheck | Ttotal | Status | Flags |
---|---|---|---|---|---|---|
r-devel-linux-x86_64-debian-clang | 1.2.5 | 68.00 | 130.23 | 198.23 | NOTE | |
r-devel-linux-x86_64-debian-gcc | 1.2.5 | 52.69 | 91.70 | 144.39 | NOTE | |
r-devel-linux-x86_64-fedora-clang | 1.2.5 | 273.68 | NOTE | |||
r-devel-linux-x86_64-fedora-gcc | 1.2.5 | 263.24 | NOTE | |||
r-devel-windows-x86_64 | 1.2.5 | 130.00 | 185.00 | 315.00 | NOTE | |
r-patched-linux-x86_64 | 1.2.5 | 57.59 | 123.52 | 181.11 | NOTE | |
r-release-linux-x86_64 | 1.2.5 | 55.77 | 124.86 | 180.63 | NOTE | |
r-release-macos-arm64 | 1.2.5 | 86.00 | NOTE | |||
r-release-macos-x86_64 | 1.2.5 | 95.00 | NOTE | |||
r-release-windows-x86_64 | 1.2.5 | 126.00 | 180.00 | 306.00 | NOTE | |
r-oldrel-macos-arm64 | 1.2.5 | 76.00 | NOTE | |||
r-oldrel-macos-x86_64 | 1.2.5 | 105.00 | NOTE | |||
r-oldrel-windows-ix86+x86_64 | 1.2.5 | 168.00 | 211.00 | 379.00 | NOTE |
Version: 1.2.5
Check: C++ specification
Result: NOTE
Specified C++11: please drop specification unless essential
Flavors: r-devel-linux-x86_64-debian-clang, r-devel-linux-x86_64-debian-gcc, r-devel-linux-x86_64-fedora-clang, r-devel-linux-x86_64-fedora-gcc, r-devel-windows-x86_64, r-patched-linux-x86_64
Version: 1.2.5
Check: for GNU extensions in Makefiles
Result: NOTE
GNU make is a SystemRequirements.
Flavors: r-devel-linux-x86_64-debian-clang, r-devel-linux-x86_64-debian-gcc, r-devel-linux-x86_64-fedora-clang, r-devel-linux-x86_64-fedora-gcc, r-devel-windows-x86_64, r-patched-linux-x86_64, r-release-linux-x86_64, r-release-macos-arm64, r-release-macos-x86_64, r-release-windows-x86_64, r-oldrel-macos-arm64, r-oldrel-macos-x86_64, r-oldrel-windows-ix86+x86_64