CRAN Package Check Results for Package GetTDData

Last updated on 2021-11-30 11:51:57 CET.

Flavor Version Tinstall Tcheck Ttotal Status Flags
r-devel-linux-x86_64-debian-clang 1.4.2 2.64 40.65 43.29 NOTE
r-devel-linux-x86_64-debian-gcc 1.4.2 1.74 30.69 32.43 NOTE
r-devel-linux-x86_64-fedora-clang 1.4.2 62.98 NOTE
r-devel-linux-x86_64-fedora-gcc 1.4.2 50.89 NOTE
r-devel-windows-x86_64-new-UL 1.4.2 8.00 81.00 89.00 NOTE
r-devel-windows-x86_64-new-TK 1.4.2 NOTE
r-devel-windows-x86_64-old 1.4.2 5.00 47.00 52.00 NOTE
r-patched-linux-x86_64 1.4.2 2.50 38.52 41.02 NOTE
r-patched-solaris-x86 1.4.2 64.90 NOTE
r-release-linux-x86_64 1.4.2 2.75 37.91 40.66 NOTE
r-release-macos-arm64 1.4.2 NOTE
r-release-macos-x86_64 1.4.2 NOTE
r-release-windows-ix86+x86_64 1.4.2 7.00 58.00 65.00 NOTE
r-oldrel-macos-x86_64 1.4.2 NOTE
r-oldrel-windows-ix86+x86_64 1.4.2 6.00 46.00 52.00 OK

Check Details

Version: 1.4.2
Check: LazyData
Result: NOTE
     'LazyData' is specified without a 'data' directory
Flavors: r-devel-linux-x86_64-debian-clang, r-devel-linux-x86_64-debian-gcc, r-devel-linux-x86_64-fedora-clang, r-devel-linux-x86_64-fedora-gcc, r-devel-windows-x86_64-new-UL, r-devel-windows-x86_64-new-TK, r-devel-windows-x86_64-old, r-patched-linux-x86_64, r-patched-solaris-x86, r-release-linux-x86_64, r-release-macos-arm64, r-release-macos-x86_64, r-release-windows-ix86+x86_64

Version: 1.4.2
Check: dependencies in R code
Result: NOTE
    Namespace in Imports field not imported from: ‘XML’
     All declared Imports should be used.
Flavors: r-devel-linux-x86_64-fedora-clang, r-devel-linux-x86_64-fedora-gcc, r-devel-windows-x86_64-new-TK, r-patched-solaris-x86, r-release-macos-arm64, r-release-macos-x86_64, r-oldrel-macos-x86_64