CRAN Package Check Results for Package GillespieSSA2

Last updated on 2021-12-09 07:50:13 CET.

Flavor Version Tinstall Tcheck Ttotal Status Flags
r-devel-linux-x86_64-debian-clang 0.2.8 81.19 550.53 631.72 OK
r-devel-linux-x86_64-debian-gcc 0.2.8 53.74 348.64 402.38 OK
r-devel-linux-x86_64-fedora-clang 0.2.8 839.23 NOTE
r-devel-linux-x86_64-fedora-gcc 0.2.8 741.52 OK
r-devel-windows-x86_64-new-UL 0.2.8 107.00 750.00 857.00 OK
r-devel-windows-x86_64-new-TK 0.2.8 OK
r-devel-windows-x86_64-old 0.2.8 103.00 673.00 776.00 OK
r-patched-linux-x86_64 0.2.8 64.34 499.12 563.46 OK
r-release-linux-x86_64 0.2.8 51.76 500.62 552.38 OK
r-release-macos-arm64 0.2.8 NOTE
r-release-macos-x86_64 0.2.8 NOTE
r-release-windows-ix86+x86_64 0.2.8 146.00 723.00 869.00 OK
r-oldrel-macos-x86_64 0.2.8 NOTE
r-oldrel-windows-ix86+x86_64 0.2.8 192.00 749.00 941.00 OK

Check Details

Version: 0.2.8
Check: installed package size
Result: NOTE
     installed size is 5.0Mb
     sub-directories of 1Mb or more:
     doc 1.6Mb
     libs 2.8Mb
Flavors: r-devel-linux-x86_64-fedora-clang, r-release-macos-arm64, r-release-macos-x86_64, r-oldrel-macos-x86_64