CRAN Package Check Results for Package Grace

Last updated on 2023-09-30 01:49:57 CEST.

Flavor Version Tinstall Tcheck Ttotal Status Flags
r-devel-linux-x86_64-debian-clang 0.5.3 6.73 83.21 89.94 NOTE
r-devel-linux-x86_64-debian-gcc 0.5.3 7.46 64.07 71.53 NOTE
r-devel-linux-x86_64-fedora-clang 0.5.3 111.07 NOTE
r-devel-linux-x86_64-fedora-gcc 0.5.3 119.25 NOTE
r-devel-windows-x86_64 0.5.3 9.00 93.00 102.00 NOTE
r-patched-linux-x86_64 0.5.3 7.06 82.53 89.59 NOTE
r-release-linux-x86_64 0.5.3 9.48 83.72 93.20 NOTE
r-release-macos-arm64 0.5.3 40.00 NOTE
r-release-macos-x86_64 0.5.3 60.00 NOTE
r-release-windows-x86_64 0.5.3 11.00 106.00 117.00 NOTE
r-oldrel-macos-arm64 0.5.3 37.00 NOTE
r-oldrel-macos-x86_64 0.5.3 48.00 NOTE
r-oldrel-windows-x86_64 0.5.3 11.00 105.00 116.00 NOTE

Check Details

Version: 0.5.3
Check: LazyData
Result: NOTE
     'LazyData' is specified without a 'data' directory
Flavors: r-devel-linux-x86_64-debian-clang, r-devel-linux-x86_64-debian-gcc, r-devel-linux-x86_64-fedora-clang, r-devel-linux-x86_64-fedora-gcc, r-devel-windows-x86_64, r-patched-linux-x86_64, r-release-linux-x86_64, r-release-macos-arm64, r-release-macos-x86_64, r-release-windows-x86_64, r-oldrel-macos-arm64, r-oldrel-macos-x86_64, r-oldrel-windows-x86_64