Last updated on 2023-11-30 11:49:28 CET.
Flavor | Version | Tinstall | Tcheck | Ttotal | Status | Flags |
---|---|---|---|---|---|---|
r-devel-linux-x86_64-debian-clang | 1.0 | 60.40 | 76.73 | 137.13 | NOTE | |
r-devel-linux-x86_64-debian-gcc | 1.0 | 44.14 | 59.19 | 103.33 | NOTE | |
r-devel-linux-x86_64-fedora-clang | 1.0 | 194.20 | NOTE | |||
r-devel-linux-x86_64-fedora-gcc | 1.0 | 189.72 | NOTE | |||
r-devel-windows-x86_64 | 1.0 | 47.00 | 108.00 | 155.00 | NOTE | |
r-patched-linux-x86_64 | 1.0 | 48.42 | 76.64 | 125.06 | NOTE | |
r-release-linux-x86_64 | 1.0 | 47.27 | 74.87 | 122.14 | NOTE | |
r-release-macos-arm64 | 1.0 | 52.00 | NOTE | |||
r-release-macos-x86_64 | 1.0 | 89.00 | NOTE | |||
r-release-windows-x86_64 | 1.0 | 63.00 | 119.00 | 182.00 | NOTE | |
r-oldrel-macos-arm64 | 1.0 | 53.00 | OK | |||
r-oldrel-macos-x86_64 | 1.0 | 67.00 | OK | |||
r-oldrel-windows-x86_64 | 1.0 | 61.00 | 118.00 | 179.00 | OK |
Version: 1.0
Check: C++ specification
Result: NOTE
Specified C++11: please drop specification unless essential
Flavors: r-devel-linux-x86_64-debian-clang, r-devel-linux-x86_64-debian-gcc, r-devel-linux-x86_64-fedora-clang, r-devel-linux-x86_64-fedora-gcc, r-devel-windows-x86_64, r-patched-linux-x86_64, r-release-linux-x86_64, r-release-macos-arm64, r-release-macos-x86_64, r-release-windows-x86_64