CRAN Package Check Results for Package HARModel

Last updated on 2023-03-23 07:54:28 CET.

Flavor Version Tinstall Tcheck Ttotal Status Flags
r-devel-linux-x86_64-debian-clang 1.0 58.39 77.91 136.30 NOTE
r-devel-linux-x86_64-debian-gcc 1.0 44.27 60.21 104.48 NOTE
r-devel-linux-x86_64-fedora-clang 1.0 197.31 NOTE
r-devel-linux-x86_64-fedora-gcc 1.0 173.56 NOTE
r-devel-windows-x86_64 1.0 72.00 131.00 203.00 NOTE
r-patched-linux-x86_64 1.0 45.77 77.90 123.67 OK
r-release-linux-x86_64 1.0 48.93 80.11 129.04 OK
r-release-macos-arm64 1.0 47.00 OK
r-release-macos-x86_64 1.0 67.00 OK
r-release-windows-x86_64 1.0 69.00 169.00 238.00 OK
r-oldrel-macos-arm64 1.0 52.00 OK
r-oldrel-macos-x86_64 1.0 129.00 OK
r-oldrel-windows-ix86+x86_64 1.0 149.00 169.00 318.00 OK

Check Details

Version: 1.0
Check: C++ specification
Result: NOTE
     Specified C++11: please drop specification unless essential
Flavors: r-devel-linux-x86_64-debian-clang, r-devel-linux-x86_64-debian-gcc, r-devel-linux-x86_64-fedora-clang, r-devel-linux-x86_64-fedora-gcc, r-devel-windows-x86_64