Last updated on 2023-03-28 09:53:48 CEST.
Flavor | Version | Tinstall | Tcheck | Ttotal | Status | Flags |
---|---|---|---|---|---|---|
r-devel-linux-x86_64-debian-clang | 1.0.2 | 107.53 | 42.56 | 150.09 | OK | |
r-devel-linux-x86_64-debian-gcc | 1.0.2 | 76.63 | 37.04 | 113.67 | OK | |
r-devel-linux-x86_64-fedora-clang | 1.0.2 | 182.10 | OK | |||
r-devel-linux-x86_64-fedora-gcc | 1.0.2 | 194.28 | OK | |||
r-patched-linux-x86_64 | 1.0.2 | 85.38 | 47.30 | 132.68 | OK | |
r-release-linux-x86_64 | 1.0.2 | 81.34 | 45.13 | 126.47 | OK | |
r-release-macos-arm64 | 1.0.2 | 48.00 | NOTE | |||
r-release-macos-x86_64 | 1.0.2 | 66.00 | NOTE | |||
r-release-windows-x86_64 | 1.0.2 | 77.00 | 97.00 | 174.00 | OK | |
r-oldrel-macos-arm64 | 1.0.2 | 53.00 | NOTE | |||
r-oldrel-macos-x86_64 | 1.0.2 | 67.00 | NOTE | |||
r-oldrel-windows-ix86+x86_64 | 1.0.2 | 217.00 | 105.00 | 322.00 | OK |
Version: 1.0.2
Check: installed package size
Result: NOTE
installed size is 21.7Mb
sub-directories of 1Mb or more:
libs 21.5Mb
Flavors: r-release-macos-arm64, r-release-macos-x86_64, r-oldrel-macos-arm64, r-oldrel-macos-x86_64