Last updated on 2023-03-27 20:52:16 CEST.
Flavor | Version | Tinstall | Tcheck | Ttotal | Status | Flags |
---|---|---|---|---|---|---|
r-devel-linux-x86_64-debian-clang | 0.1.2 | 47.26 | 28.60 | 75.86 | NOTE | |
r-devel-linux-x86_64-debian-gcc | 0.1.2 | 40.79 | 22.43 | 63.22 | NOTE | |
r-devel-linux-x86_64-fedora-clang | 0.1.2 | 127.57 | NOTE | |||
r-devel-linux-x86_64-fedora-gcc | 0.1.2 | 106.71 | NOTE | |||
r-patched-linux-x86_64 | 0.1.2 | 48.03 | 27.39 | 75.42 | NOTE | |
r-release-linux-x86_64 | 0.1.2 | 41.05 | 27.82 | 68.87 | NOTE | |
r-release-macos-arm64 | 0.1.2 | 34.00 | NOTE | |||
r-release-macos-x86_64 | 0.1.2 | 41.00 | NOTE | |||
r-release-windows-x86_64 | 0.1.2 | 57.00 | 81.00 | 138.00 | NOTE | |
r-oldrel-macos-arm64 | 0.1.2 | 36.00 | NOTE | |||
r-oldrel-macos-x86_64 | 0.1.2 | 55.00 | NOTE | |||
r-oldrel-windows-ix86+x86_64 | 0.1.2 | 135.00 | 73.00 | 208.00 | NOTE |
Version: 0.1.2
Check: C++ specification
Result: NOTE
Specified C++11: please drop specification unless essential
Flavors: r-devel-linux-x86_64-debian-clang, r-devel-linux-x86_64-debian-gcc, r-devel-linux-x86_64-fedora-clang, r-devel-linux-x86_64-fedora-gcc, r-patched-linux-x86_64
Version: 0.1.2
Check: LazyData
Result: NOTE
'LazyData' is specified without a 'data' directory
Flavors: r-devel-linux-x86_64-debian-clang, r-devel-linux-x86_64-debian-gcc, r-devel-linux-x86_64-fedora-clang, r-devel-linux-x86_64-fedora-gcc, r-patched-linux-x86_64, r-release-linux-x86_64, r-release-macos-arm64, r-release-macos-x86_64, r-release-windows-x86_64, r-oldrel-macos-arm64, r-oldrel-macos-x86_64, r-oldrel-windows-ix86+x86_64