CRAN Package Check Results for Package HMMcopula

Last updated on 2022-01-22 11:51:01 CET.

Flavor Version Tinstall Tcheck Ttotal Status Flags
r-devel-linux-x86_64-debian-clang 1.0.4 10.35 88.66 99.01 NOTE
r-devel-linux-x86_64-debian-gcc 1.0.4 9.11 68.06 77.17 NOTE
r-devel-linux-x86_64-fedora-clang 1.0.4 120.40 NOTE
r-devel-linux-x86_64-fedora-gcc 1.0.4 107.96 NOTE
r-devel-windows-x86_64-new-UL 1.0.4 48.00 104.00 152.00 NOTE
r-devel-windows-x86_64-new-TK 1.0.4 NOTE
r-patched-linux-x86_64 1.0.4 9.33 86.39 95.72 NOTE
r-release-linux-x86_64 1.0.4 7.21 85.06 92.27 NOTE
r-release-macos-arm64 1.0.4 NOTE
r-release-macos-x86_64 1.0.4 NOTE
r-release-windows-ix86+x86_64 1.0.4 21.00 99.00 120.00 NOTE
r-oldrel-macos-x86_64 1.0.4 OK
r-oldrel-windows-ix86+x86_64 1.0.4 22.00 99.00 121.00 OK

Check Details

Version: 1.0.4
Check: LazyData
Result: NOTE
     'LazyData' is specified without a 'data' directory
Flavors: r-devel-linux-x86_64-debian-clang, r-devel-linux-x86_64-debian-gcc, r-devel-linux-x86_64-fedora-clang, r-devel-linux-x86_64-fedora-gcc, r-devel-windows-x86_64-new-UL, r-devel-windows-x86_64-new-TK, r-patched-linux-x86_64, r-release-linux-x86_64, r-release-macos-arm64, r-release-macos-x86_64, r-release-windows-ix86+x86_64