Last updated on 2023-03-31 08:54:02 CEST.
Flavor | Version | Tinstall | Tcheck | Ttotal | Status | Flags |
---|---|---|---|---|---|---|
r-devel-linux-x86_64-debian-clang | 1.2.1 | 39.54 | 255.06 | 294.60 | NOTE | |
r-devel-linux-x86_64-debian-gcc | 1.2.1 | 29.21 | 198.33 | 227.54 | NOTE | |
r-devel-linux-x86_64-fedora-clang | 1.2.1 | 351.62 | NOTE | |||
r-devel-linux-x86_64-fedora-gcc | 1.2.1 | 354.36 | NOTE | |||
r-devel-windows-x86_64 | 1.2.1 | 49.00 | 0.00 | 49.00 | NOTE | |
r-patched-linux-x86_64 | 1.2.1 | 33.28 | 234.89 | 268.17 | NOTE | |
r-release-linux-x86_64 | 1.2.1 | 40.11 | 255.54 | 295.65 | NOTE | |
r-release-macos-arm64 | 1.2.1 | 133.00 | NOTE | |||
r-release-macos-x86_64 | 1.2.1 | 225.00 | NOTE | |||
r-release-windows-x86_64 | 1.2.1 | 56.00 | 300.00 | 356.00 | OK | |
r-oldrel-macos-arm64 | 1.2.1 | 182.00 | NOTE | |||
r-oldrel-macos-x86_64 | 1.2.1 | 195.00 | OK | |||
r-oldrel-windows-ix86+x86_64 | 1.2.1 | 86.00 | 391.00 | 477.00 | OK |
Version: 1.2.1
Check: package dependencies
Result: NOTE
Packages suggested but not available for checking: 'RGtk2', 'cairoDevice'
Flavors: r-devel-linux-x86_64-debian-clang, r-devel-linux-x86_64-debian-gcc, r-devel-linux-x86_64-fedora-clang, r-devel-linux-x86_64-fedora-gcc, r-patched-linux-x86_64, r-release-linux-x86_64, r-release-macos-arm64, r-release-macos-x86_64, r-oldrel-macos-arm64
Version: 1.2.1
Check: C++ specification
Result: NOTE
Specified C++11: please drop specification unless essential
Flavors: r-devel-linux-x86_64-debian-clang, r-devel-linux-x86_64-debian-gcc, r-devel-linux-x86_64-fedora-clang, r-devel-linux-x86_64-fedora-gcc, r-devel-windows-x86_64, r-patched-linux-x86_64