CRAN Package Check Results for Package HTRX

Last updated on 2023-09-23 01:54:14 CEST.

Flavor Version Tinstall Tcheck Ttotal Status Flags
r-devel-linux-x86_64-debian-clang 1.2.2 4.55 138.91 143.46 OK
r-devel-linux-x86_64-debian-gcc 1.2.2 3.51 105.54 109.05 OK
r-devel-linux-x86_64-fedora-clang 1.2.2 171.18 NOTE
r-devel-linux-x86_64-fedora-gcc 1.2.2 195.73 NOTE
r-devel-windows-x86_64 1.2.2 6.00 157.00 163.00 OK
r-patched-linux-x86_64 1.2.2 4.89 130.43 135.32 OK
r-release-linux-x86_64 1.2.2 2.89 132.68 135.57 OK
r-release-macos-arm64 1.2.2 72.00 OK
r-release-macos-x86_64 1.2.2 104.00 OK
r-release-windows-x86_64 1.2.2 8.00 182.00 190.00 OK
r-oldrel-macos-arm64 1.2.2 68.00 OK
r-oldrel-macos-x86_64 1.2.2 83.00 OK
r-oldrel-windows-x86_64 1.2.2 7.00 183.00 190.00 OK

Check Details

Version: 1.2.2
Check: dependencies in R code
Result: NOTE
    Namespaces in Imports field not imported from:
     ‘recipes’ ‘tune’
     All declared Imports should be used.
Flavors: r-devel-linux-x86_64-fedora-clang, r-devel-linux-x86_64-fedora-gcc