CRAN Package Check Results for Package HTSSIP

Last updated on 2022-01-23 12:05:13 CET.

Flavor Version Tinstall Tcheck Ttotal Status Flags
r-devel-linux-x86_64-debian-clang 1.4.1 7.50 220.22 227.72 OK --no-vignettes
r-devel-linux-x86_64-debian-gcc 1.4.1 6.44 179.86 186.30 OK --no-vignettes
r-devel-linux-x86_64-fedora-clang 1.4.1 1107.25 NOTE
r-devel-linux-x86_64-fedora-gcc 1.4.1 1094.61 NOTE
r-devel-windows-x86_64-new-UL 1.4.1 73.00 293.00 366.00 OK --no-vignettes
r-devel-windows-x86_64-new-TK 1.4.1 NOTE --no-vignettes
r-patched-linux-x86_64 1.4.1 7.09 211.05 218.14 OK --no-vignettes
r-release-linux-x86_64 1.4.1 7.67 211.75 219.42 OK --no-vignettes
r-release-macos-arm64 1.4.1 NOTE
r-release-macos-x86_64 1.4.1 NOTE
r-release-windows-ix86+x86_64 1.4.1 19.00 229.00 248.00 OK --no-vignettes
r-oldrel-macos-x86_64 1.4.1 NOTE
r-oldrel-windows-ix86+x86_64 1.4.1 19.00 239.00 258.00 OK --no-vignettes

Check Details

Version: 1.4.1
Check: dependencies in R code
Result: NOTE
    Namespace in Imports field not imported from: ‘igraph’
     All declared Imports should be used.
Flavors: r-devel-linux-x86_64-fedora-clang, r-devel-linux-x86_64-fedora-gcc, r-release-macos-arm64, r-release-macos-x86_64, r-oldrel-macos-x86_64

Version: 1.4.1
Flags: --no-vignettes
Check: dependencies in R code
Result: NOTE
    Namespace in Imports field not imported from: 'igraph'
     All declared Imports should be used.
Flavor: r-devel-windows-x86_64-new-TK