CRAN Package Check Results for Package HUM

Last updated on 2021-12-03 15:52:20 CET.

Flavor Version Tinstall Tcheck Ttotal Status Flags
r-devel-linux-x86_64-debian-clang 1.0 20.93 40.14 61.07 NOTE
r-devel-linux-x86_64-debian-gcc 1.0 16.43 31.83 48.26 NOTE
r-devel-linux-x86_64-fedora-clang 1.0 92.49 NOTE
r-devel-linux-x86_64-fedora-gcc 1.0 82.16 NOTE
r-devel-windows-x86_64-new-UL 1.0 34.00 99.00 133.00 NOTE
r-devel-windows-x86_64-new-TK 1.0 NOTE
r-devel-windows-x86_64-old 1.0 32.00 54.00 86.00 NOTE
r-patched-linux-x86_64 1.0 18.73 38.28 57.01 NOTE
r-release-linux-x86_64 1.0 20.20 38.40 58.60 NOTE
r-release-macos-arm64 1.0 NOTE
r-release-macos-x86_64 1.0 NOTE
r-release-windows-ix86+x86_64 1.0 59.00 88.00 147.00 NOTE
r-oldrel-macos-x86_64 1.0 NOTE
r-oldrel-windows-ix86+x86_64 1.0 60.00 91.00 151.00 NOTE

Check Details

Version: 1.0
Check: R code for possible problems
Result: NOTE
    Calculate3D: no visible global function definition for 'persp'
    CalculateHUM_Ex: no visible global function definition for 'combn'
    CalculateHUM_Plot: no visible global function definition for 'polygon'
    CalculateHUM_Plot: no visible global function definition for 'text'
    CalculateHUM_Plot: no visible global function definition for 'points'
    CalculateHUM_Plot: no visible global function definition for 'lines'
    Undefined global functions or variables:
     combn lines persp points polygon text
    Consider adding
     importFrom("graphics", "lines", "persp", "points", "polygon", "text")
     importFrom("utils", "combn")
    to your NAMESPACE file.
Flavors: r-devel-linux-x86_64-debian-clang, r-devel-linux-x86_64-debian-gcc, r-devel-linux-x86_64-fedora-clang, r-devel-linux-x86_64-fedora-gcc, r-devel-windows-x86_64-new-UL, r-devel-windows-x86_64-new-TK, r-devel-windows-x86_64-old, r-patched-linux-x86_64, r-release-linux-x86_64, r-release-macos-arm64, r-release-macos-x86_64, r-release-windows-ix86+x86_64, r-oldrel-macos-x86_64, r-oldrel-windows-ix86+x86_64

Version: 1.0
Check: compiled code
Result: NOTE
    File ‘HUM/libs/HUM.so’:
     Found no calls to: ‘R_registerRoutines’, ‘R_useDynamicSymbols’
    
    It is good practice to register native routines and to disable symbol
    search.
    
    See ‘Writing portable packages’ in the ‘Writing R Extensions’ manual.
Flavors: r-devel-linux-x86_64-fedora-clang, r-devel-linux-x86_64-fedora-gcc