CRAN Package Check Results for Package HaDeX

Last updated on 2022-01-25 04:00:04 CET.

Flavor Version Tinstall Tcheck Ttotal Status Flags
r-devel-linux-x86_64-debian-clang 1.2.2 8.76 149.63 158.39 OK
r-devel-linux-x86_64-debian-gcc 1.2.2 7.35 120.09 127.44 OK
r-devel-linux-x86_64-fedora-clang 1.2.2 195.89 NOTE
r-devel-linux-x86_64-fedora-gcc 1.2.2 177.61 NOTE
r-devel-windows-x86_64-new-UL 1.2.2 82.00 195.00 277.00 NOTE
r-devel-windows-x86_64-new-TK 1.2.2 NOTE
r-patched-linux-x86_64 1.2.2 13.00 141.31 154.31 OK
r-release-linux-x86_64 1.2.2 8.72 139.20 147.92 OK
r-release-macos-arm64 1.2.2 NOTE
r-release-macos-x86_64 1.2.2 NOTE
r-release-windows-ix86+x86_64 1.2.2 22.00 173.00 195.00 NOTE
r-oldrel-macos-x86_64 1.2.2 NOTE
r-oldrel-windows-ix86+x86_64 1.2.2 23.00 174.00 197.00 NOTE

Check Details

Version: 1.2.2
Check: installed package size
Result: NOTE
     installed size is 8.2Mb
     sub-directories of 1Mb or more:
     HaDeX 4.1Mb
     doc 4.0Mb
Flavors: r-devel-linux-x86_64-fedora-clang, r-devel-windows-x86_64-new-UL, r-release-macos-arm64, r-release-macos-x86_64, r-release-windows-ix86+x86_64, r-oldrel-macos-x86_64, r-oldrel-windows-ix86+x86_64

Version: 1.2.2
Check: dependencies in R code
Result: NOTE
    Namespaces in Imports field not imported from:
     ‘DT’ ‘gsubfn’ ‘stringr’
     All declared Imports should be used.
Flavors: r-devel-linux-x86_64-fedora-clang, r-devel-linux-x86_64-fedora-gcc, r-devel-windows-x86_64-new-TK, r-release-macos-arm64, r-release-macos-x86_64, r-oldrel-macos-x86_64