CRAN Package Check Results for Package HelpersMG

Last updated on 2024-02-27 04:07:07 CET.

Flavor Version Tinstall Tcheck Ttotal Status Flags
r-devel-linux-x86_64-debian-clang 6.1 25.69 158.28 183.97 OK
r-devel-linux-x86_64-debian-gcc 6.1 19.48 116.61 136.09 OK
r-devel-linux-x86_64-fedora-clang 6.1 219.66 NOTE
r-devel-linux-x86_64-fedora-gcc 6.1 209.00 OK
r-devel-windows-x86_64 6.1 21.00 149.00 170.00 OK
r-patched-linux-x86_64 6.1 24.32 154.15 178.47 OK
r-release-linux-x86_64 6.1 23.64 154.29 177.93 OK
r-release-macos-arm64 6.1 91.00 OK
r-release-macos-x86_64 6.1 138.00 OK
r-release-windows-x86_64 6.1 29.00 186.00 215.00 OK
r-oldrel-macos-arm64 6.1 84.00 OK
r-oldrel-windows-x86_64 6.1 29.00 169.00 198.00 OK

Check Details

Version: 6.1
Check: Rd cross-references
Result: NOTE Undeclared package ‘sp’ in Rd xrefs Flavor: r-devel-linux-x86_64-fedora-clang