CRAN Package Check Results for Package HextractoR

Last updated on 2023-10-02 17:01:39 CEST.

Flavor Version Tinstall Tcheck Ttotal Status Flags
r-devel-linux-x86_64-debian-clang 1.4 3.83 32.67 36.50 NOTE
r-devel-linux-x86_64-debian-gcc 1.4 2.89 25.29 28.18 NOTE
r-devel-linux-x86_64-fedora-clang 1.4 44.55 NOTE
r-devel-linux-x86_64-fedora-gcc 1.4 45.84 NOTE
r-devel-windows-x86_64 1.4 4.00 45.00 49.00 NOTE
r-patched-linux-x86_64 1.4 3.90 31.81 35.71 NOTE
r-release-linux-x86_64 1.4 2.98 31.90 34.88 NOTE
r-release-macos-arm64 1.4 20.00 NOTE
r-release-macos-x86_64 1.4 26.00 NOTE
r-release-windows-x86_64 1.4 5.00 47.00 52.00 NOTE
r-oldrel-macos-arm64 1.4 15.00 NOTE
r-oldrel-macos-x86_64 1.4 23.00 NOTE
r-oldrel-windows-x86_64 1.4 5.00 50.00 55.00 NOTE

Check Details

Version: 1.4
Check: LazyData
Result: NOTE
     'LazyData' is specified without a 'data' directory
Flavors: r-devel-linux-x86_64-debian-clang, r-devel-linux-x86_64-debian-gcc, r-devel-linux-x86_64-fedora-clang, r-devel-linux-x86_64-fedora-gcc, r-devel-windows-x86_64, r-patched-linux-x86_64, r-release-linux-x86_64, r-release-macos-arm64, r-release-macos-x86_64, r-release-windows-x86_64, r-oldrel-macos-arm64, r-oldrel-macos-x86_64, r-oldrel-windows-x86_64