CRAN Package Check Results for Package Hmisc

Last updated on 2021-09-19 16:49:01 CEST.

Flavor Version Tinstall Tcheck Ttotal Status Flags
r-devel-linux-x86_64-debian-clang 4.5-0 53.22 352.28 405.50 OK
r-devel-linux-x86_64-debian-gcc 4.5-0 44.38 254.70 299.08 OK
r-devel-linux-x86_64-fedora-clang 4.5-0 484.25 OK
r-devel-linux-x86_64-fedora-gcc 4.5-0 470.86 OK
r-devel-windows-x86_64 4.5-0 58.00 316.00 374.00 OK
r-devel-windows-x86_64-gcc10-UCRT 4.5-0 ERROR
r-patched-linux-x86_64 4.5-0 63.83 317.67 381.50 OK
r-patched-solaris-x86 4.5-0 523.60 OK
r-release-linux-x86_64 4.5-0 53.41 318.05 371.46 OK
r-release-macos-arm64 4.5-0 OK
r-release-macos-x86_64 4.5-0 OK
r-release-windows-ix86+x86_64 4.5-0 101.00 490.00 591.00 OK
r-oldrel-macos-x86_64 4.5-0 OK
r-oldrel-windows-ix86+x86_64 4.5-0 100.00 506.00 606.00 OK

Check Details

Version: 4.5-0
Check: whether package can be installed
Result: ERROR
    Installation failed.
Flavor: r-devel-windows-x86_64-gcc10-UCRT